{"id":2168,"date":"2024-02-13T15:54:34","date_gmt":"2024-02-13T13:54:34","guid":{"rendered":"http:\/\/s711641519.mialojamiento.es\/faada-freddy\/"},"modified":"2024-03-21T12:25:42","modified_gmt":"2024-03-21T10:25:42","slug":"faada-freddy","status":"publish","type":"tribe_events","link":"https:\/\/gironacappella.cat\/es\/faada-freddy\/","title":{"rendered":"Faada Freddy"},"content":{"rendered":"<p><iframe loading=\"lazy\" title=\"YouTube video player\" src=\"https:\/\/www.youtube.com\/embed\/3Fvq3jGsjyg?si=MgFoh37ElxSMeuqo\" width=\"800\" height=\"500\" frameborder=\"0\" allowfullscreen=\"allowfullscreen\"><span data-mce-type=\"bookmark\" style=\"display: inline-block; width: 0px; overflow: hidden; line-height: 0;\" class=\"mce_SELRES_start\">\ufeff<\/span><\/iframe><\/p>\n<p>El EP Tables Will Turn marca el gran regreso del cantante senegal\u00e9s Faada Freddy despu\u00e9s de un largo silencio, desde la grabaci\u00f3n desde el disco debut The Gospel Journey en 2016. Aquel \u00e1lbum comport\u00f3 una gira de 300 conciertos en todo el mundo. Tables Will Turn confirma un enfoque musical intransigente donde los \u00fanicos recursos son humanos \u00abMi m\u00fasica es 100% org\u00e1nica y 0% tecnol\u00f3gica\u00bb resume Faada para evocar un dispositivo, ya probado en The Gospel Journey que requiere que la boca y el cuerpo imiten el sonido de instrumentos. \u00abCuando todos tus sue\u00f1os parezcan disolverse en una nube de confusi\u00f3n, recuerda que s\u00f3lo es una tormenta pasajera\u201d. \u00c9ste es el modo para Faada Freddy de recordar que hay tiempo para todo, para la adversidad y para l \u00e9xito, seg\u00fan una filosof\u00eda cercana a la que ense\u00f1a el gospel, g\u00e9nero musical al que Faada reafirma aqu\u00ed su v\u00ednculo, pero tambi\u00e9n en relaci\u00f3n con los mismos fundamentos de su arte desde sus inicios dentro del famoso d\u00fao de rap Daara J, el nombre cuyo significa \u00abla escuela de la vida\u00bb en wolof.<\/p>\n<p>Concierto \u00fanico en Espa\u00f1a.<\/p>\n<p><img loading=\"lazy\" decoding=\"async\" class=\"alignnone wp-image-2137 size-full\" src=\"http:\/\/gironacappella.cat\/wp-content\/uploads\/2024\/02\/faadafredy01.jpg\" alt=\"\" width=\"800\" height=\"450\" srcset=\"https:\/\/gironacappella.cat\/wp-content\/uploads\/2024\/02\/faadafredy01.jpg 800w, https:\/\/gironacappella.cat\/wp-content\/uploads\/2024\/02\/faadafredy01-300x169.jpg 300w, https:\/\/gironacappella.cat\/wp-content\/uploads\/2024\/02\/faadafredy01-768x432.jpg 768w, https:\/\/gironacappella.cat\/wp-content\/uploads\/2024\/02\/faadafredy01-480x270.jpg 480w\" sizes=\"(max-width: 800px) 100vw, 800px\" \/> <\/p>\n","protected":false},"excerpt":{"rendered":"<p>\ufeff El EP Tables Will Turn marca el gran regreso del cantante senegal\u00e9s Faada Freddy despu\u00e9s de un largo silencio, desde la grabaci\u00f3n desde el disco debut The Gospel Journey [&hellip;]<\/p>\n","protected":false},"author":1,"featured_media":2139,"template":"","meta":{"_et_pb_use_builder":"on","_et_pb_old_content":"","_et_gb_content_width":"","_tribe_events_status":"","_tribe_events_status_reason":"","footnotes":""},"tags":[],"tribe_events_cat":[158],"class_list":["post-2168","tribe_events","type-tribe_events","status-publish","has-post-thumbnail","hentry","tribe_events_cat-faada-freddy-es","cat_faada-freddy-es"],"yoast_head":"<!-- This site is optimized with the Yoast SEO plugin v27.3 - https:\/\/yoast.com\/product\/yoast-seo-wordpress\/ -->\n<title>Faada Freddy - Girona A Cappella<\/title>\n<meta name=\"robots\" content=\"index, follow, max-snippet:-1, max-image-preview:large, max-video-preview:-1\" \/>\n<link rel=\"canonical\" href=\"https:\/\/gironacappella.cat\/faada-freddy\/\" \/>\n<meta property=\"og:locale\" content=\"es_ES\" \/>\n<meta property=\"og:type\" content=\"article\" \/>\n<meta property=\"og:title\" content=\"Faada Freddy - Girona A Cappella\" \/>\n<meta property=\"og:description\" content=\"\ufeff El EP Tables Will Turn marca el gran regreso del cantante senegal\u00e9s Faada Freddy despu\u00e9s de un largo silencio, desde la grabaci\u00f3n desde el disco debut The Gospel Journey [&hellip;]\" \/>\n<meta property=\"og:url\" content=\"https:\/\/gironacappella.cat\/faada-freddy\/\" \/>\n<meta property=\"og:site_name\" content=\"Girona A Cappella\" \/>\n<meta property=\"article:modified_time\" content=\"2024-03-21T10:25:42+00:00\" \/>\n<meta property=\"og:image\" content=\"https:\/\/gironacappella.cat\/wp-content\/uploads\/2024\/02\/faadafredy01.jpg\" \/>\n\t<meta property=\"og:image:width\" content=\"800\" \/>\n\t<meta property=\"og:image:height\" content=\"450\" \/>\n\t<meta property=\"og:image:type\" content=\"image\/jpeg\" \/>\n<meta name=\"twitter:card\" content=\"summary_large_image\" \/>\n<meta name=\"twitter:label1\" content=\"Tiempo de lectura\" \/>\n\t<meta name=\"twitter:data1\" content=\"1 minuto\" \/>\n<script type=\"application\/ld+json\" class=\"yoast-schema-graph\">{\"@context\":\"https:\\\/\\\/schema.org\",\"@graph\":[{\"@type\":\"WebPage\",\"@id\":\"https:\\\/\\\/gironacappella.cat\\\/faada-freddy\\\/\",\"url\":\"https:\\\/\\\/gironacappella.cat\\\/faada-freddy\\\/\",\"name\":\"Faada Freddy - Girona A Cappella\",\"isPartOf\":{\"@id\":\"https:\\\/\\\/gironacappella.cat\\\/#website\"},\"primaryImageOfPage\":{\"@id\":\"https:\\\/\\\/gironacappella.cat\\\/faada-freddy\\\/#primaryimage\"},\"image\":{\"@id\":\"https:\\\/\\\/gironacappella.cat\\\/faada-freddy\\\/#primaryimage\"},\"thumbnailUrl\":\"https:\\\/\\\/gironacappella.cat\\\/wp-content\\\/uploads\\\/2024\\\/02\\\/faadafredy01.jpg\",\"datePublished\":\"2024-02-13T13:54:34+00:00\",\"dateModified\":\"2024-03-21T10:25:42+00:00\",\"breadcrumb\":{\"@id\":\"https:\\\/\\\/gironacappella.cat\\\/faada-freddy\\\/#breadcrumb\"},\"inLanguage\":\"es\",\"potentialAction\":[{\"@type\":\"ReadAction\",\"target\":[\"https:\\\/\\\/gironacappella.cat\\\/faada-freddy\\\/\"]}]},{\"@type\":\"ImageObject\",\"inLanguage\":\"es\",\"@id\":\"https:\\\/\\\/gironacappella.cat\\\/faada-freddy\\\/#primaryimage\",\"url\":\"https:\\\/\\\/gironacappella.cat\\\/wp-content\\\/uploads\\\/2024\\\/02\\\/faadafredy01.jpg\",\"contentUrl\":\"https:\\\/\\\/gironacappella.cat\\\/wp-content\\\/uploads\\\/2024\\\/02\\\/faadafredy01.jpg\",\"width\":800,\"height\":450},{\"@type\":\"BreadcrumbList\",\"@id\":\"https:\\\/\\\/gironacappella.cat\\\/faada-freddy\\\/#breadcrumb\",\"itemListElement\":[{\"@type\":\"ListItem\",\"position\":1,\"name\":\"Inici\",\"item\":\"https:\\\/\\\/gironacappella.cat\\\/\"},{\"@type\":\"ListItem\",\"position\":2,\"name\":\"Esdeveniments\",\"item\":\"https:\\\/\\\/gironacappella.cat\\\/events\\\/\"},{\"@type\":\"ListItem\",\"position\":3,\"name\":\"Faada Freddy\"}]},{\"@type\":\"WebSite\",\"@id\":\"https:\\\/\\\/gironacappella.cat\\\/#website\",\"url\":\"https:\\\/\\\/gironacappella.cat\\\/\",\"name\":\"Girona A Cappella\",\"description\":\"Per Temps de Flors Girona al\u00e7a la veu!\",\"potentialAction\":[{\"@type\":\"SearchAction\",\"target\":{\"@type\":\"EntryPoint\",\"urlTemplate\":\"https:\\\/\\\/gironacappella.cat\\\/?s={search_term_string}\"},\"query-input\":{\"@type\":\"PropertyValueSpecification\",\"valueRequired\":true,\"valueName\":\"search_term_string\"}}],\"inLanguage\":\"es\"}]}<\/script>\n<!-- \/ Yoast SEO plugin. -->","yoast_head_json":{"title":"Faada Freddy - Girona A Cappella","robots":{"index":"index","follow":"follow","max-snippet":"max-snippet:-1","max-image-preview":"max-image-preview:large","max-video-preview":"max-video-preview:-1"},"canonical":"https:\/\/gironacappella.cat\/faada-freddy\/","og_locale":"es_ES","og_type":"article","og_title":"Faada Freddy - Girona A Cappella","og_description":"\ufeff El EP Tables Will Turn marca el gran regreso del cantante senegal\u00e9s Faada Freddy despu\u00e9s de un largo silencio, desde la grabaci\u00f3n desde el disco debut The Gospel Journey [&hellip;]","og_url":"https:\/\/gironacappella.cat\/faada-freddy\/","og_site_name":"Girona A Cappella","article_modified_time":"2024-03-21T10:25:42+00:00","og_image":[{"width":800,"height":450,"url":"https:\/\/gironacappella.cat\/wp-content\/uploads\/2024\/02\/faadafredy01.jpg","type":"image\/jpeg"}],"twitter_card":"summary_large_image","twitter_misc":{"Tiempo de lectura":"1 minuto"},"schema":{"@context":"https:\/\/schema.org","@graph":[{"@type":"WebPage","@id":"https:\/\/gironacappella.cat\/faada-freddy\/","url":"https:\/\/gironacappella.cat\/faada-freddy\/","name":"Faada Freddy - Girona A Cappella","isPartOf":{"@id":"https:\/\/gironacappella.cat\/#website"},"primaryImageOfPage":{"@id":"https:\/\/gironacappella.cat\/faada-freddy\/#primaryimage"},"image":{"@id":"https:\/\/gironacappella.cat\/faada-freddy\/#primaryimage"},"thumbnailUrl":"https:\/\/gironacappella.cat\/wp-content\/uploads\/2024\/02\/faadafredy01.jpg","datePublished":"2024-02-13T13:54:34+00:00","dateModified":"2024-03-21T10:25:42+00:00","breadcrumb":{"@id":"https:\/\/gironacappella.cat\/faada-freddy\/#breadcrumb"},"inLanguage":"es","potentialAction":[{"@type":"ReadAction","target":["https:\/\/gironacappella.cat\/faada-freddy\/"]}]},{"@type":"ImageObject","inLanguage":"es","@id":"https:\/\/gironacappella.cat\/faada-freddy\/#primaryimage","url":"https:\/\/gironacappella.cat\/wp-content\/uploads\/2024\/02\/faadafredy01.jpg","contentUrl":"https:\/\/gironacappella.cat\/wp-content\/uploads\/2024\/02\/faadafredy01.jpg","width":800,"height":450},{"@type":"BreadcrumbList","@id":"https:\/\/gironacappella.cat\/faada-freddy\/#breadcrumb","itemListElement":[{"@type":"ListItem","position":1,"name":"Inici","item":"https:\/\/gironacappella.cat\/"},{"@type":"ListItem","position":2,"name":"Esdeveniments","item":"https:\/\/gironacappella.cat\/events\/"},{"@type":"ListItem","position":3,"name":"Faada Freddy"}]},{"@type":"WebSite","@id":"https:\/\/gironacappella.cat\/#website","url":"https:\/\/gironacappella.cat\/","name":"Girona A Cappella","description":"Per Temps de Flors Girona al\u00e7a la veu!","potentialAction":[{"@type":"SearchAction","target":{"@type":"EntryPoint","urlTemplate":"https:\/\/gironacappella.cat\/?s={search_term_string}"},"query-input":{"@type":"PropertyValueSpecification","valueRequired":true,"valueName":"search_term_string"}}],"inLanguage":"es"}]}},"_links":{"self":[{"href":"https:\/\/gironacappella.cat\/es\/wp-json\/wp\/v2\/tribe_events\/2168","targetHints":{"allow":["GET"]}}],"collection":[{"href":"https:\/\/gironacappella.cat\/es\/wp-json\/wp\/v2\/tribe_events"}],"about":[{"href":"https:\/\/gironacappella.cat\/es\/wp-json\/wp\/v2\/types\/tribe_events"}],"author":[{"embeddable":true,"href":"https:\/\/gironacappella.cat\/es\/wp-json\/wp\/v2\/users\/1"}],"version-history":[{"count":4,"href":"https:\/\/gironacappella.cat\/es\/wp-json\/wp\/v2\/tribe_events\/2168\/revisions"}],"predecessor-version":[{"id":2431,"href":"https:\/\/gironacappella.cat\/es\/wp-json\/wp\/v2\/tribe_events\/2168\/revisions\/2431"}],"wp:featuredmedia":[{"embeddable":true,"href":"https:\/\/gironacappella.cat\/es\/wp-json\/wp\/v2\/media\/2139"}],"wp:attachment":[{"href":"https:\/\/gironacappella.cat\/es\/wp-json\/wp\/v2\/media?parent=2168"}],"wp:term":[{"taxonomy":"post_tag","embeddable":true,"href":"https:\/\/gironacappella.cat\/es\/wp-json\/wp\/v2\/tags?post=2168"},{"taxonomy":"tribe_events_cat","embeddable":true,"href":"https:\/\/gironacappella.cat\/es\/wp-json\/wp\/v2\/tribe_events_cat?post=2168"}],"curies":[{"name":"wp","href":"https:\/\/api.w.org\/{rel}","templated":true}]}}

<p><iframe loading="lazy" title="YouTube video player" src="https://www.youtube.com/embed/3Fvq3jGsjyg?si=MgFoh37ElxSMeuqo" width="800" height="500" frameborder="0" allowfullscreen="allowfullscreen"><span data-mce-type="bookmark" style="display: inline-block; width: 0px; overflow: hidden; line-height: 0;" class="mce_SELRES_start">﻿</span></iframe></p>
<p>El EP Tables Will Turn marca el gran regreso del cantante senegalés Faada Freddy después de un largo silencio, desde la grabación desde el disco debut The Gospel Journey en 2016. Aquel álbum comportó una gira de 300 conciertos en todo el mundo. Tables Will Turn confirma un enfoque musical intransigente donde los únicos recursos son humanos «Mi música es 100% orgánica y 0% tecnológica» resume Faada para evocar un dispositivo, ya probado en The Gospel Journey que requiere que la boca y el cuerpo imiten el sonido de instrumentos. «Cuando todos tus sueños parezcan disolverse en una nube de confusión, recuerda que sólo es una tormenta pasajera”. Éste es el modo para Faada Freddy de recordar que hay tiempo para todo, para la adversidad y para l éxito, según una filosofía cercana a la que enseña el gospel, género musical al que Faada reafirma aquí su vínculo, pero también en relación con los mismos fundamentos de su arte desde sus inicios dentro del famoso dúo de rap Daara J, el nombre cuyo significa «la escuela de la vida» en wolof.</p>
<p>Concierto único en España.</p>
<p><img loading="lazy" decoding="async" class="alignnone wp-image-2137 size-full" src="http://gironacappella.cat/wp-content/uploads/2024/02/faadafredy01.jpg" alt="" width="800" height="450" srcset="https://gironacappella.cat/wp-content/uploads/2024/02/faadafredy01.jpg 800w, https://gironacappella.cat/wp-content/uploads/2024/02/faadafredy01-300x169.jpg 300w, https://gironacappella.cat/wp-content/uploads/2024/02/faadafredy01-768x432.jpg 768w, https://gironacappella.cat/wp-content/uploads/2024/02/faadafredy01-480x270.jpg 480w" sizes="(max-width: 800px) 100vw, 800px" /> </p>

<p>﻿ El EP Tables Will Turn marca el gran regreso del cantante senegalés Faada Freddy después de un largo silencio, desde la grabación desde el disco debut The Gospel Journey [&hellip;]</p>

<!-- This site is optimized with the Yoast SEO plugin v27.3 - https://yoast.com/product/yoast-seo-wordpress/ -->
<title>Faada Freddy - Girona A Cappella</title>
<meta name="robots" content="index, follow, max-snippet:-1, max-image-preview:large, max-video-preview:-1" />
<link rel="canonical" href="https://gironacappella.cat/faada-freddy/" />
<meta property="og:locale" content="es_ES" />
<meta property="og:type" content="article" />
<meta property="og:title" content="Faada Freddy - Girona A Cappella" />
<meta property="og:description" content="﻿ El EP Tables Will Turn marca el gran regreso del cantante senegalés Faada Freddy después de un largo silencio, desde la grabación desde el disco debut The Gospel Journey [&hellip;]" />
<meta property="og:url" content="https://gironacappella.cat/faada-freddy/" />
<meta property="og:site_name" content="Girona A Cappella" />
<meta property="article:modified_time" content="2024-03-21T10:25:42+00:00" />
<meta property="og:image" content="https://gironacappella.cat/wp-content/uploads/2024/02/faadafredy01.jpg" />
	<meta property="og:image:width" content="800" />
	<meta property="og:image:height" content="450" />
	<meta property="og:image:type" content="image/jpeg" />
<meta name="twitter:card" content="summary_large_image" />
<meta name="twitter:label1" content="Tiempo de lectura" />
	<meta name="twitter:data1" content="1 minuto" />
<script type="application/ld+json" class="yoast-schema-graph">{"@context":"https:\/\/schema.org","@graph":[{"@type":"WebPage","@id":"https:\/\/gironacappella.cat\/faada-freddy\/","url":"https:\/\/gironacappella.cat\/faada-freddy\/","name":"Faada Freddy - Girona A Cappella","isPartOf":{"@id":"https:\/\/gironacappella.cat\/#website"},"primaryImageOfPage":{"@id":"https:\/\/gironacappella.cat\/faada-freddy\/#primaryimage"},"image":{"@id":"https:\/\/gironacappella.cat\/faada-freddy\/#primaryimage"},"thumbnailUrl":"https:\/\/gironacappella.cat\/wp-content\/uploads\/2024\/02\/faadafredy01.jpg","datePublished":"2024-02-13T13:54:34+00:00","dateModified":"2024-03-21T10:25:42+00:00","breadcrumb":{"@id":"https:\/\/gironacappella.cat\/faada-freddy\/#breadcrumb"},"inLanguage":"es","potentialAction":[{"@type":"ReadAction","target":["https:\/\/gironacappella.cat\/faada-freddy\/"]}]},{"@type":"ImageObject","inLanguage":"es","@id":"https:\/\/gironacappella.cat\/faada-freddy\/#primaryimage","url":"https:\/\/gironacappella.cat\/wp-content\/uploads\/2024\/02\/faadafredy01.jpg","contentUrl":"https:\/\/gironacappella.cat\/wp-content\/uploads\/2024\/02\/faadafredy01.jpg","width":800,"height":450},{"@type":"BreadcrumbList","@id":"https:\/\/gironacappella.cat\/faada-freddy\/#breadcrumb","itemListElement":[{"@type":"ListItem","position":1,"name":"Inici","item":"https:\/\/gironacappella.cat\/"},{"@type":"ListItem","position":2,"name":"Esdeveniments","item":"https:\/\/gironacappella.cat\/events\/"},{"@type":"ListItem","position":3,"name":"Faada Freddy"}]},{"@type":"WebSite","@id":"https:\/\/gironacappella.cat\/#website","url":"https:\/\/gironacappella.cat\/","name":"Girona A Cappella","description":"Per Temps de Flors Girona alça la veu!","potentialAction":[{"@type":"SearchAction","target":{"@type":"EntryPoint","urlTemplate":"https:\/\/gironacappella.cat\/?s={search_term_string}"},"query-input":{"@type":"PropertyValueSpecification","valueRequired":true,"valueName":"search_term_string"}}],"inLanguage":"es"}]}</script>
<!-- / Yoast SEO plugin. -->

﻿ El EP Tables Will Turn marca el gran regreso del cantante senegalés Faada Freddy después de un largo silencio, desde la grabación desde el disco debut The Gospel Journey [&hellip;]

Per Temps de Flors Girona alça la veu!
