{"id":2386,"date":"2024-03-18T12:48:05","date_gmt":"2024-03-18T10:48:05","guid":{"rendered":"https:\/\/gironacappella.cat\/cap-pela\/"},"modified":"2024-03-21T13:29:57","modified_gmt":"2024-03-21T11:29:57","slug":"cap-pela","status":"publish","type":"tribe_events","link":"https:\/\/gironacappella.cat\/es\/cap-pela\/","title":{"rendered":"Cap Pela"},"content":{"rendered":"<p><iframe loading=\"lazy\" title=\"YouTube video player\" src=\"https:\/\/www.youtube.com\/embed\/CfnsdVzeSvU?si=113xt3J6crEKYePV\" width=\"800\" height=\"500\" frameborder=\"0\" allowfullscreen=\"allowfullscreen\"><\/iframe><\/p>\n<p>Cap Pela es un grupo vocal de Mallorca que desarrolla su repertorio cantado \u00edntegramente a capilla, es decir, sin otro instrumento que la ve.<\/p>\n<p>Su trayectoria comienza en 1994 con un repertorio variado, caracterizado por una equilibrada combinaci\u00f3n de \u00e9xitos internacionales de muchos estilos diferentes: desde el R&#038;B al Pop, pasando por el Jazz, Soul, Canci\u00f3n de autor&#8230; a canciones tradicionales y composiciones propias. Precisamente, una de las claves de su \u00e9xito todo este tiempo es el haber sabido seleccionar este repertorio partiendo de sus propios gustos personales, pero sobre todo, en funci\u00f3n de lo que mejor se adapta a sus caracter\u00edsticas vocales ya su modo de concebir el directo.<\/p>\n<p><img loading=\"lazy\" decoding=\"async\" class=\"alignnone size-large wp-image-2331\" src=\"https:\/\/gironacappella.cat\/wp-content\/uploads\/2024\/03\/FOTO-CAP-PELA-OFICIAL-1024x796.jpg\" alt=\"\" width=\"1024\" height=\"796\" srcset=\"https:\/\/gironacappella.cat\/wp-content\/uploads\/2024\/03\/FOTO-CAP-PELA-OFICIAL-980x762.jpg 980w, https:\/\/gironacappella.cat\/wp-content\/uploads\/2024\/03\/FOTO-CAP-PELA-OFICIAL-480x373.jpg 480w\" sizes=\"(min-width: 0px) and (max-width: 480px) 480px, (min-width: 481px) and (max-width: 980px) 980px, (min-width: 981px) 1024px, 100vw\" \/><\/p>\n","protected":false},"excerpt":{"rendered":"<p>Cap Pela es un grupo vocal de Mallorca que desarrolla su repertorio cantado \u00edntegramente a capilla, es decir, sin otro instrumento que la ve. Su trayectoria comienza en 1994 con [&hellip;]<\/p>\n","protected":false},"author":3,"featured_media":2333,"template":"","meta":{"_et_pb_use_builder":"off","_et_pb_old_content":"","_et_gb_content_width":"","_tribe_events_status":"","_tribe_events_status_reason":"","footnotes":""},"tags":[],"tribe_events_cat":[184],"class_list":["post-2386","tribe_events","type-tribe_events","status-publish","has-post-thumbnail","hentry","tribe_events_cat-cap-pela-es","cat_cap-pela-es"],"yoast_head":"<!-- This site is optimized with the Yoast SEO plugin v27.3 - https:\/\/yoast.com\/product\/yoast-seo-wordpress\/ -->\n<title>Cap Pela - Girona A Cappella<\/title>\n<meta name=\"robots\" content=\"index, follow, max-snippet:-1, max-image-preview:large, max-video-preview:-1\" \/>\n<link rel=\"canonical\" href=\"https:\/\/gironacappella.cat\/cap-pela\/\" \/>\n<meta property=\"og:locale\" content=\"es_ES\" \/>\n<meta property=\"og:type\" content=\"article\" \/>\n<meta property=\"og:title\" content=\"Cap Pela - Girona A Cappella\" \/>\n<meta property=\"og:description\" content=\"Cap Pela es un grupo vocal de Mallorca que desarrolla su repertorio cantado \u00edntegramente a capilla, es decir, sin otro instrumento que la ve. Su trayectoria comienza en 1994 con [&hellip;]\" \/>\n<meta property=\"og:url\" content=\"https:\/\/gironacappella.cat\/cap-pela\/\" \/>\n<meta property=\"og:site_name\" content=\"Girona A Cappella\" \/>\n<meta property=\"article:modified_time\" content=\"2024-03-21T11:29:57+00:00\" \/>\n<meta property=\"og:image\" content=\"https:\/\/gironacappella.cat\/wp-content\/uploads\/2024\/03\/FOTO-CAP-PELA-OFICIAL-scaled.jpg\" \/>\n\t<meta property=\"og:image:width\" content=\"2560\" \/>\n\t<meta property=\"og:image:height\" content=\"1990\" \/>\n\t<meta property=\"og:image:type\" content=\"image\/jpeg\" \/>\n<meta name=\"twitter:card\" content=\"summary_large_image\" \/>\n<meta name=\"twitter:label1\" content=\"Tiempo de lectura\" \/>\n\t<meta name=\"twitter:data1\" content=\"1 minuto\" \/>\n<script type=\"application\/ld+json\" class=\"yoast-schema-graph\">{\"@context\":\"https:\\\/\\\/schema.org\",\"@graph\":[{\"@type\":\"WebPage\",\"@id\":\"https:\\\/\\\/gironacappella.cat\\\/cap-pela\\\/\",\"url\":\"https:\\\/\\\/gironacappella.cat\\\/cap-pela\\\/\",\"name\":\"Cap Pela - Girona A Cappella\",\"isPartOf\":{\"@id\":\"https:\\\/\\\/gironacappella.cat\\\/#website\"},\"primaryImageOfPage\":{\"@id\":\"https:\\\/\\\/gironacappella.cat\\\/cap-pela\\\/#primaryimage\"},\"image\":{\"@id\":\"https:\\\/\\\/gironacappella.cat\\\/cap-pela\\\/#primaryimage\"},\"thumbnailUrl\":\"https:\\\/\\\/gironacappella.cat\\\/wp-content\\\/uploads\\\/2024\\\/03\\\/FOTO-CAP-PELA-OFICIAL-scaled.jpg\",\"datePublished\":\"2024-03-18T10:48:05+00:00\",\"dateModified\":\"2024-03-21T11:29:57+00:00\",\"breadcrumb\":{\"@id\":\"https:\\\/\\\/gironacappella.cat\\\/cap-pela\\\/#breadcrumb\"},\"inLanguage\":\"es\",\"potentialAction\":[{\"@type\":\"ReadAction\",\"target\":[\"https:\\\/\\\/gironacappella.cat\\\/cap-pela\\\/\"]}]},{\"@type\":\"ImageObject\",\"inLanguage\":\"es\",\"@id\":\"https:\\\/\\\/gironacappella.cat\\\/cap-pela\\\/#primaryimage\",\"url\":\"https:\\\/\\\/gironacappella.cat\\\/wp-content\\\/uploads\\\/2024\\\/03\\\/FOTO-CAP-PELA-OFICIAL-scaled.jpg\",\"contentUrl\":\"https:\\\/\\\/gironacappella.cat\\\/wp-content\\\/uploads\\\/2024\\\/03\\\/FOTO-CAP-PELA-OFICIAL-scaled.jpg\",\"width\":2560,\"height\":1990},{\"@type\":\"BreadcrumbList\",\"@id\":\"https:\\\/\\\/gironacappella.cat\\\/cap-pela\\\/#breadcrumb\",\"itemListElement\":[{\"@type\":\"ListItem\",\"position\":1,\"name\":\"Inici\",\"item\":\"https:\\\/\\\/gironacappella.cat\\\/\"},{\"@type\":\"ListItem\",\"position\":2,\"name\":\"Esdeveniments\",\"item\":\"https:\\\/\\\/gironacappella.cat\\\/events\\\/\"},{\"@type\":\"ListItem\",\"position\":3,\"name\":\"Cap Pela\"}]},{\"@type\":\"WebSite\",\"@id\":\"https:\\\/\\\/gironacappella.cat\\\/#website\",\"url\":\"https:\\\/\\\/gironacappella.cat\\\/\",\"name\":\"Girona A Cappella\",\"description\":\"Per Temps de Flors Girona al\u00e7a la veu!\",\"potentialAction\":[{\"@type\":\"SearchAction\",\"target\":{\"@type\":\"EntryPoint\",\"urlTemplate\":\"https:\\\/\\\/gironacappella.cat\\\/?s={search_term_string}\"},\"query-input\":{\"@type\":\"PropertyValueSpecification\",\"valueRequired\":true,\"valueName\":\"search_term_string\"}}],\"inLanguage\":\"es\"}]}<\/script>\n<!-- \/ Yoast SEO plugin. -->","yoast_head_json":{"title":"Cap Pela - Girona A Cappella","robots":{"index":"index","follow":"follow","max-snippet":"max-snippet:-1","max-image-preview":"max-image-preview:large","max-video-preview":"max-video-preview:-1"},"canonical":"https:\/\/gironacappella.cat\/cap-pela\/","og_locale":"es_ES","og_type":"article","og_title":"Cap Pela - Girona A Cappella","og_description":"Cap Pela es un grupo vocal de Mallorca que desarrolla su repertorio cantado \u00edntegramente a capilla, es decir, sin otro instrumento que la ve. Su trayectoria comienza en 1994 con [&hellip;]","og_url":"https:\/\/gironacappella.cat\/cap-pela\/","og_site_name":"Girona A Cappella","article_modified_time":"2024-03-21T11:29:57+00:00","og_image":[{"width":2560,"height":1990,"url":"https:\/\/gironacappella.cat\/wp-content\/uploads\/2024\/03\/FOTO-CAP-PELA-OFICIAL-scaled.jpg","type":"image\/jpeg"}],"twitter_card":"summary_large_image","twitter_misc":{"Tiempo de lectura":"1 minuto"},"schema":{"@context":"https:\/\/schema.org","@graph":[{"@type":"WebPage","@id":"https:\/\/gironacappella.cat\/cap-pela\/","url":"https:\/\/gironacappella.cat\/cap-pela\/","name":"Cap Pela - Girona A Cappella","isPartOf":{"@id":"https:\/\/gironacappella.cat\/#website"},"primaryImageOfPage":{"@id":"https:\/\/gironacappella.cat\/cap-pela\/#primaryimage"},"image":{"@id":"https:\/\/gironacappella.cat\/cap-pela\/#primaryimage"},"thumbnailUrl":"https:\/\/gironacappella.cat\/wp-content\/uploads\/2024\/03\/FOTO-CAP-PELA-OFICIAL-scaled.jpg","datePublished":"2024-03-18T10:48:05+00:00","dateModified":"2024-03-21T11:29:57+00:00","breadcrumb":{"@id":"https:\/\/gironacappella.cat\/cap-pela\/#breadcrumb"},"inLanguage":"es","potentialAction":[{"@type":"ReadAction","target":["https:\/\/gironacappella.cat\/cap-pela\/"]}]},{"@type":"ImageObject","inLanguage":"es","@id":"https:\/\/gironacappella.cat\/cap-pela\/#primaryimage","url":"https:\/\/gironacappella.cat\/wp-content\/uploads\/2024\/03\/FOTO-CAP-PELA-OFICIAL-scaled.jpg","contentUrl":"https:\/\/gironacappella.cat\/wp-content\/uploads\/2024\/03\/FOTO-CAP-PELA-OFICIAL-scaled.jpg","width":2560,"height":1990},{"@type":"BreadcrumbList","@id":"https:\/\/gironacappella.cat\/cap-pela\/#breadcrumb","itemListElement":[{"@type":"ListItem","position":1,"name":"Inici","item":"https:\/\/gironacappella.cat\/"},{"@type":"ListItem","position":2,"name":"Esdeveniments","item":"https:\/\/gironacappella.cat\/events\/"},{"@type":"ListItem","position":3,"name":"Cap Pela"}]},{"@type":"WebSite","@id":"https:\/\/gironacappella.cat\/#website","url":"https:\/\/gironacappella.cat\/","name":"Girona A Cappella","description":"Per Temps de Flors Girona al\u00e7a la veu!","potentialAction":[{"@type":"SearchAction","target":{"@type":"EntryPoint","urlTemplate":"https:\/\/gironacappella.cat\/?s={search_term_string}"},"query-input":{"@type":"PropertyValueSpecification","valueRequired":true,"valueName":"search_term_string"}}],"inLanguage":"es"}]}},"_links":{"self":[{"href":"https:\/\/gironacappella.cat\/es\/wp-json\/wp\/v2\/tribe_events\/2386","targetHints":{"allow":["GET"]}}],"collection":[{"href":"https:\/\/gironacappella.cat\/es\/wp-json\/wp\/v2\/tribe_events"}],"about":[{"href":"https:\/\/gironacappella.cat\/es\/wp-json\/wp\/v2\/types\/tribe_events"}],"author":[{"embeddable":true,"href":"https:\/\/gironacappella.cat\/es\/wp-json\/wp\/v2\/users\/3"}],"version-history":[{"count":1,"href":"https:\/\/gironacappella.cat\/es\/wp-json\/wp\/v2\/tribe_events\/2386\/revisions"}],"predecessor-version":[{"id":2477,"href":"https:\/\/gironacappella.cat\/es\/wp-json\/wp\/v2\/tribe_events\/2386\/revisions\/2477"}],"wp:featuredmedia":[{"embeddable":true,"href":"https:\/\/gironacappella.cat\/es\/wp-json\/wp\/v2\/media\/2333"}],"wp:attachment":[{"href":"https:\/\/gironacappella.cat\/es\/wp-json\/wp\/v2\/media?parent=2386"}],"wp:term":[{"taxonomy":"post_tag","embeddable":true,"href":"https:\/\/gironacappella.cat\/es\/wp-json\/wp\/v2\/tags?post=2386"},{"taxonomy":"tribe_events_cat","embeddable":true,"href":"https:\/\/gironacappella.cat\/es\/wp-json\/wp\/v2\/tribe_events_cat?post=2386"}],"curies":[{"name":"wp","href":"https:\/\/api.w.org\/{rel}","templated":true}]}}

<p><iframe loading="lazy" title="YouTube video player" src="https://www.youtube.com/embed/CfnsdVzeSvU?si=113xt3J6crEKYePV" width="800" height="500" frameborder="0" allowfullscreen="allowfullscreen"></iframe></p>
<p>Cap Pela es un grupo vocal de Mallorca que desarrolla su repertorio cantado íntegramente a capilla, es decir, sin otro instrumento que la ve.</p>
<p>Su trayectoria comienza en 1994 con un repertorio variado, caracterizado por una equilibrada combinación de éxitos internacionales de muchos estilos diferentes: desde el R&#038;B al Pop, pasando por el Jazz, Soul, Canción de autor&#8230; a canciones tradicionales y composiciones propias. Precisamente, una de las claves de su éxito todo este tiempo es el haber sabido seleccionar este repertorio partiendo de sus propios gustos personales, pero sobre todo, en función de lo que mejor se adapta a sus características vocales ya su modo de concebir el directo.</p>
<p><img loading="lazy" decoding="async" class="alignnone size-large wp-image-2331" src="https://gironacappella.cat/wp-content/uploads/2024/03/FOTO-CAP-PELA-OFICIAL-1024x796.jpg" alt="" width="1024" height="796" srcset="https://gironacappella.cat/wp-content/uploads/2024/03/FOTO-CAP-PELA-OFICIAL-980x762.jpg 980w, https://gironacappella.cat/wp-content/uploads/2024/03/FOTO-CAP-PELA-OFICIAL-480x373.jpg 480w" sizes="(min-width: 0px) and (max-width: 480px) 480px, (min-width: 481px) and (max-width: 980px) 980px, (min-width: 981px) 1024px, 100vw" /></p>

<p>Cap Pela es un grupo vocal de Mallorca que desarrolla su repertorio cantado íntegramente a capilla, es decir, sin otro instrumento que la ve. Su trayectoria comienza en 1994 con [&hellip;]</p>

<!-- This site is optimized with the Yoast SEO plugin v27.3 - https://yoast.com/product/yoast-seo-wordpress/ -->
<title>Cap Pela - Girona A Cappella</title>
<meta name="robots" content="index, follow, max-snippet:-1, max-image-preview:large, max-video-preview:-1" />
<link rel="canonical" href="https://gironacappella.cat/cap-pela/" />
<meta property="og:locale" content="es_ES" />
<meta property="og:type" content="article" />
<meta property="og:title" content="Cap Pela - Girona A Cappella" />
<meta property="og:description" content="Cap Pela es un grupo vocal de Mallorca que desarrolla su repertorio cantado íntegramente a capilla, es decir, sin otro instrumento que la ve. Su trayectoria comienza en 1994 con [&hellip;]" />
<meta property="og:url" content="https://gironacappella.cat/cap-pela/" />
<meta property="og:site_name" content="Girona A Cappella" />
<meta property="article:modified_time" content="2024-03-21T11:29:57+00:00" />
<meta property="og:image" content="https://gironacappella.cat/wp-content/uploads/2024/03/FOTO-CAP-PELA-OFICIAL-scaled.jpg" />
	<meta property="og:image:width" content="2560" />
	<meta property="og:image:height" content="1990" />
	<meta property="og:image:type" content="image/jpeg" />
<meta name="twitter:card" content="summary_large_image" />
<meta name="twitter:label1" content="Tiempo de lectura" />
	<meta name="twitter:data1" content="1 minuto" />
<script type="application/ld+json" class="yoast-schema-graph">{"@context":"https:\/\/schema.org","@graph":[{"@type":"WebPage","@id":"https:\/\/gironacappella.cat\/cap-pela\/","url":"https:\/\/gironacappella.cat\/cap-pela\/","name":"Cap Pela - Girona A Cappella","isPartOf":{"@id":"https:\/\/gironacappella.cat\/#website"},"primaryImageOfPage":{"@id":"https:\/\/gironacappella.cat\/cap-pela\/#primaryimage"},"image":{"@id":"https:\/\/gironacappella.cat\/cap-pela\/#primaryimage"},"thumbnailUrl":"https:\/\/gironacappella.cat\/wp-content\/uploads\/2024\/03\/FOTO-CAP-PELA-OFICIAL-scaled.jpg","datePublished":"2024-03-18T10:48:05+00:00","dateModified":"2024-03-21T11:29:57+00:00","breadcrumb":{"@id":"https:\/\/gironacappella.cat\/cap-pela\/#breadcrumb"},"inLanguage":"es","potentialAction":[{"@type":"ReadAction","target":["https:\/\/gironacappella.cat\/cap-pela\/"]}]},{"@type":"ImageObject","inLanguage":"es","@id":"https:\/\/gironacappella.cat\/cap-pela\/#primaryimage","url":"https:\/\/gironacappella.cat\/wp-content\/uploads\/2024\/03\/FOTO-CAP-PELA-OFICIAL-scaled.jpg","contentUrl":"https:\/\/gironacappella.cat\/wp-content\/uploads\/2024\/03\/FOTO-CAP-PELA-OFICIAL-scaled.jpg","width":2560,"height":1990},{"@type":"BreadcrumbList","@id":"https:\/\/gironacappella.cat\/cap-pela\/#breadcrumb","itemListElement":[{"@type":"ListItem","position":1,"name":"Inici","item":"https:\/\/gironacappella.cat\/"},{"@type":"ListItem","position":2,"name":"Esdeveniments","item":"https:\/\/gironacappella.cat\/events\/"},{"@type":"ListItem","position":3,"name":"Cap Pela"}]},{"@type":"WebSite","@id":"https:\/\/gironacappella.cat\/#website","url":"https:\/\/gironacappella.cat\/","name":"Girona A Cappella","description":"Per Temps de Flors Girona alça la veu!","potentialAction":[{"@type":"SearchAction","target":{"@type":"EntryPoint","urlTemplate":"https:\/\/gironacappella.cat\/?s={search_term_string}"},"query-input":{"@type":"PropertyValueSpecification","valueRequired":true,"valueName":"search_term_string"}}],"inLanguage":"es"}]}</script>
<!-- / Yoast SEO plugin. -->

Cap Pela es un grupo vocal de Mallorca que desarrolla su repertorio cantado íntegramente a capilla, es decir, sin otro instrumento que la ve. Su trayectoria comienza en 1994 con [&hellip;]

Per Temps de Flors Girona alça la veu!
