{"id":3097,"date":"2026-03-26T20:25:22","date_gmt":"2026-03-26T18:25:22","guid":{"rendered":"https:\/\/gironacappella.cat\/sonset-grup-vocal\/"},"modified":"2026-03-27T13:16:10","modified_gmt":"2026-03-27T11:16:10","slug":"sonset-grup-vocal","status":"publish","type":"tribe_events","link":"https:\/\/gironacappella.cat\/es\/sonset-grup-vocal\/","title":{"rendered":"Sonset Grup Vocal"},"content":{"rendered":"<p>[et_pb_section fb_built=\u00bb1&#8243; _builder_version=\u00bb4.16&#8243; global_colors_info=\u00bb{}\u00bb][et_pb_row _builder_version=\u00bb4.16&#8243; background_size=\u00bbinitial\u00bb background_position=\u00bbtop_left\u00bb background_repeat=\u00bbrepeat\u00bb global_colors_info=\u00bb{}\u00bb][et_pb_column type=\u00bb4_4&#8243; _builder_version=\u00bb4.16&#8243; custom_padding=\u00bb|||\u00bb global_colors_info=\u00bb{}\u00bb custom_padding__hover=\u00bb|||\u00bb][et_pb_image _builder_version=\u00bb4.27.4&#8243; _module_preset=\u00bbdefault\u00bb title_text=\u00bbSONSET GV.- Foto promo\u00bb src=\u00bbhttps:\/\/gironacappella.cat\/wp-content\/uploads\/2026\/03\/SONSET-GV.-Foto-promo-scaled.jpg\u00bb hover_enabled=\u00bb0&#8243; sticky_enabled=\u00bb0&#8243;][\/et_pb_image][et_pb_text _builder_version=\u00bb4.27.4&#8243; background_size=\u00bbinitial\u00bb background_position=\u00bbtop_left\u00bb background_repeat=\u00bbrepeat\u00bb hover_enabled=\u00bb0&#8243; global_colors_info=\u00bb{}\u00bb sticky_enabled=\u00bb0&#8243;]El Grupo Vocal Sonset formado por 10 j\u00f3venes entusiastas, estudiantes de Grado Profesional, nos presenta un repertorio variado donde encontrar\u00e1 desde est\u00e1ndares de jazz, pasando por la canci\u00f3n tradicional catalana y llegando al pop de todos los&#8230;[\/et_pb_text][\/et_pb_column][\/et_pb_row][\/et_pb_section]<\/p>\n","protected":false},"excerpt":{"rendered":"<p>El Grupo Vocal Sonset formado por 10 j\u00f3venes entusiastas, estudiantes de Grado Profesional, nos presenta un repertorio variado donde encontrar\u00e1 desde est\u00e1ndares de jazz, pasando por la canci\u00f3n tradicional catalana [&hellip;]<\/p>\n","protected":false},"author":3,"featured_media":2997,"template":"","meta":{"_et_pb_use_builder":"on","_et_pb_old_content":"","_et_gb_content_width":"","_tribe_events_status":"","_tribe_events_status_reason":"","footnotes":""},"tags":[],"tribe_events_cat":[278],"class_list":["post-3097","tribe_events","type-tribe_events","status-publish","has-post-thumbnail","hentry","tribe_events_cat-sonset-2026-es","cat_sonset-2026-es"],"yoast_head":"<!-- This site is optimized with the Yoast SEO plugin v27.3 - https:\/\/yoast.com\/product\/yoast-seo-wordpress\/ -->\n<title>Sonset Grup Vocal - Girona A Cappella<\/title>\n<meta name=\"description\" content=\"El Grupo Vocal Sonset formado por 10 j\u00f3venes entusiastas, estudiantes de Grado Profesional, nos presenta un repertorio variado donde encontrar\u00e1 desde est\u00e1ndares de jazz, pasando por la canci\u00f3n tradicional catalana y llegando al pop de todos los...\" \/>\n<meta name=\"robots\" content=\"index, follow, max-snippet:-1, max-image-preview:large, max-video-preview:-1\" \/>\n<link rel=\"canonical\" href=\"https:\/\/gironacappella.cat\/sonset\/\" \/>\n<meta property=\"og:locale\" content=\"es_ES\" \/>\n<meta property=\"og:type\" content=\"article\" \/>\n<meta property=\"og:title\" content=\"Sonset Grup Vocal - Girona A Cappella\" \/>\n<meta property=\"og:description\" content=\"El Grupo Vocal Sonset formado por 10 j\u00f3venes entusiastas, estudiantes de Grado Profesional, nos presenta un repertorio variado donde encontrar\u00e1 desde est\u00e1ndares de jazz, pasando por la canci\u00f3n tradicional catalana y llegando al pop de todos los...\" \/>\n<meta property=\"og:url\" content=\"https:\/\/gironacappella.cat\/sonset\/\" \/>\n<meta property=\"og:site_name\" content=\"Girona A Cappella\" \/>\n<meta property=\"article:modified_time\" content=\"2026-03-27T11:16:10+00:00\" \/>\n<meta property=\"og:image\" content=\"https:\/\/gironacappella.cat\/wp-content\/uploads\/2026\/03\/SONSET-GV.-Foto-promo-scaled.jpg\" \/>\n\t<meta property=\"og:image:width\" content=\"2560\" \/>\n\t<meta property=\"og:image:height\" content=\"1942\" \/>\n\t<meta property=\"og:image:type\" content=\"image\/jpeg\" \/>\n<meta name=\"twitter:card\" content=\"summary_large_image\" \/>\n<meta name=\"twitter:label1\" content=\"Tiempo de lectura\" \/>\n\t<meta name=\"twitter:data1\" content=\"1 minuto\" \/>\n<script type=\"application\/ld+json\" class=\"yoast-schema-graph\">{\"@context\":\"https:\\\/\\\/schema.org\",\"@graph\":[{\"@type\":\"WebPage\",\"@id\":\"https:\\\/\\\/gironacappella.cat\\\/sonset\\\/\",\"url\":\"https:\\\/\\\/gironacappella.cat\\\/sonset\\\/\",\"name\":\"Sonset Grup Vocal - Girona A Cappella\",\"isPartOf\":{\"@id\":\"https:\\\/\\\/gironacappella.cat\\\/#website\"},\"primaryImageOfPage\":{\"@id\":\"https:\\\/\\\/gironacappella.cat\\\/sonset\\\/#primaryimage\"},\"image\":{\"@id\":\"https:\\\/\\\/gironacappella.cat\\\/sonset\\\/#primaryimage\"},\"thumbnailUrl\":\"https:\\\/\\\/gironacappella.cat\\\/wp-content\\\/uploads\\\/2026\\\/03\\\/SONSET-GV.-Foto-promo-scaled.jpg\",\"datePublished\":\"2026-03-26T18:25:22+00:00\",\"dateModified\":\"2026-03-27T11:16:10+00:00\",\"description\":\"El Grupo Vocal Sonset formado por 10 j\u00f3venes entusiastas, estudiantes de Grado Profesional, nos presenta un repertorio variado donde encontrar\u00e1 desde est\u00e1ndares de jazz, pasando por la canci\u00f3n tradicional catalana y llegando al pop de todos los...\",\"breadcrumb\":{\"@id\":\"https:\\\/\\\/gironacappella.cat\\\/sonset\\\/#breadcrumb\"},\"inLanguage\":\"es\",\"potentialAction\":[{\"@type\":\"ReadAction\",\"target\":[\"https:\\\/\\\/gironacappella.cat\\\/sonset\\\/\"]}]},{\"@type\":\"ImageObject\",\"inLanguage\":\"es\",\"@id\":\"https:\\\/\\\/gironacappella.cat\\\/sonset\\\/#primaryimage\",\"url\":\"https:\\\/\\\/gironacappella.cat\\\/wp-content\\\/uploads\\\/2026\\\/03\\\/SONSET-GV.-Foto-promo-scaled.jpg\",\"contentUrl\":\"https:\\\/\\\/gironacappella.cat\\\/wp-content\\\/uploads\\\/2026\\\/03\\\/SONSET-GV.-Foto-promo-scaled.jpg\",\"width\":2560,\"height\":1942},{\"@type\":\"BreadcrumbList\",\"@id\":\"https:\\\/\\\/gironacappella.cat\\\/sonset\\\/#breadcrumb\",\"itemListElement\":[{\"@type\":\"ListItem\",\"position\":1,\"name\":\"Inici\",\"item\":\"https:\\\/\\\/gironacappella.cat\\\/\"},{\"@type\":\"ListItem\",\"position\":2,\"name\":\"Esdeveniments\",\"item\":\"https:\\\/\\\/gironacappella.cat\\\/events\\\/\"},{\"@type\":\"ListItem\",\"position\":3,\"name\":\"Sonset Grup Vocal\"}]},{\"@type\":\"WebSite\",\"@id\":\"https:\\\/\\\/gironacappella.cat\\\/#website\",\"url\":\"https:\\\/\\\/gironacappella.cat\\\/\",\"name\":\"Girona A Cappella\",\"description\":\"Per Temps de Flors Girona al\u00e7a la veu!\",\"potentialAction\":[{\"@type\":\"SearchAction\",\"target\":{\"@type\":\"EntryPoint\",\"urlTemplate\":\"https:\\\/\\\/gironacappella.cat\\\/?s={search_term_string}\"},\"query-input\":{\"@type\":\"PropertyValueSpecification\",\"valueRequired\":true,\"valueName\":\"search_term_string\"}}],\"inLanguage\":\"es\"}]}<\/script>\n<!-- \/ Yoast SEO plugin. -->","yoast_head_json":{"title":"Sonset Grup Vocal - Girona A Cappella","description":"El Grupo Vocal Sonset formado por 10 j\u00f3venes entusiastas, estudiantes de Grado Profesional, nos presenta un repertorio variado donde encontrar\u00e1 desde est\u00e1ndares de jazz, pasando por la canci\u00f3n tradicional catalana y llegando al pop de todos los...","robots":{"index":"index","follow":"follow","max-snippet":"max-snippet:-1","max-image-preview":"max-image-preview:large","max-video-preview":"max-video-preview:-1"},"canonical":"https:\/\/gironacappella.cat\/sonset\/","og_locale":"es_ES","og_type":"article","og_title":"Sonset Grup Vocal - Girona A Cappella","og_description":"El Grupo Vocal Sonset formado por 10 j\u00f3venes entusiastas, estudiantes de Grado Profesional, nos presenta un repertorio variado donde encontrar\u00e1 desde est\u00e1ndares de jazz, pasando por la canci\u00f3n tradicional catalana y llegando al pop de todos los...","og_url":"https:\/\/gironacappella.cat\/sonset\/","og_site_name":"Girona A Cappella","article_modified_time":"2026-03-27T11:16:10+00:00","og_image":[{"width":2560,"height":1942,"url":"https:\/\/gironacappella.cat\/wp-content\/uploads\/2026\/03\/SONSET-GV.-Foto-promo-scaled.jpg","type":"image\/jpeg"}],"twitter_card":"summary_large_image","twitter_misc":{"Tiempo de lectura":"1 minuto"},"schema":{"@context":"https:\/\/schema.org","@graph":[{"@type":"WebPage","@id":"https:\/\/gironacappella.cat\/sonset\/","url":"https:\/\/gironacappella.cat\/sonset\/","name":"Sonset Grup Vocal - Girona A Cappella","isPartOf":{"@id":"https:\/\/gironacappella.cat\/#website"},"primaryImageOfPage":{"@id":"https:\/\/gironacappella.cat\/sonset\/#primaryimage"},"image":{"@id":"https:\/\/gironacappella.cat\/sonset\/#primaryimage"},"thumbnailUrl":"https:\/\/gironacappella.cat\/wp-content\/uploads\/2026\/03\/SONSET-GV.-Foto-promo-scaled.jpg","datePublished":"2026-03-26T18:25:22+00:00","dateModified":"2026-03-27T11:16:10+00:00","description":"El Grupo Vocal Sonset formado por 10 j\u00f3venes entusiastas, estudiantes de Grado Profesional, nos presenta un repertorio variado donde encontrar\u00e1 desde est\u00e1ndares de jazz, pasando por la canci\u00f3n tradicional catalana y llegando al pop de todos los...","breadcrumb":{"@id":"https:\/\/gironacappella.cat\/sonset\/#breadcrumb"},"inLanguage":"es","potentialAction":[{"@type":"ReadAction","target":["https:\/\/gironacappella.cat\/sonset\/"]}]},{"@type":"ImageObject","inLanguage":"es","@id":"https:\/\/gironacappella.cat\/sonset\/#primaryimage","url":"https:\/\/gironacappella.cat\/wp-content\/uploads\/2026\/03\/SONSET-GV.-Foto-promo-scaled.jpg","contentUrl":"https:\/\/gironacappella.cat\/wp-content\/uploads\/2026\/03\/SONSET-GV.-Foto-promo-scaled.jpg","width":2560,"height":1942},{"@type":"BreadcrumbList","@id":"https:\/\/gironacappella.cat\/sonset\/#breadcrumb","itemListElement":[{"@type":"ListItem","position":1,"name":"Inici","item":"https:\/\/gironacappella.cat\/"},{"@type":"ListItem","position":2,"name":"Esdeveniments","item":"https:\/\/gironacappella.cat\/events\/"},{"@type":"ListItem","position":3,"name":"Sonset Grup Vocal"}]},{"@type":"WebSite","@id":"https:\/\/gironacappella.cat\/#website","url":"https:\/\/gironacappella.cat\/","name":"Girona A Cappella","description":"Per Temps de Flors Girona al\u00e7a la veu!","potentialAction":[{"@type":"SearchAction","target":{"@type":"EntryPoint","urlTemplate":"https:\/\/gironacappella.cat\/?s={search_term_string}"},"query-input":{"@type":"PropertyValueSpecification","valueRequired":true,"valueName":"search_term_string"}}],"inLanguage":"es"}]}},"_links":{"self":[{"href":"https:\/\/gironacappella.cat\/es\/wp-json\/wp\/v2\/tribe_events\/3097","targetHints":{"allow":["GET"]}}],"collection":[{"href":"https:\/\/gironacappella.cat\/es\/wp-json\/wp\/v2\/tribe_events"}],"about":[{"href":"https:\/\/gironacappella.cat\/es\/wp-json\/wp\/v2\/types\/tribe_events"}],"author":[{"embeddable":true,"href":"https:\/\/gironacappella.cat\/es\/wp-json\/wp\/v2\/users\/3"}],"version-history":[{"count":2,"href":"https:\/\/gironacappella.cat\/es\/wp-json\/wp\/v2\/tribe_events\/3097\/revisions"}],"predecessor-version":[{"id":3099,"href":"https:\/\/gironacappella.cat\/es\/wp-json\/wp\/v2\/tribe_events\/3097\/revisions\/3099"}],"wp:featuredmedia":[{"embeddable":true,"href":"https:\/\/gironacappella.cat\/es\/wp-json\/wp\/v2\/media\/2997"}],"wp:attachment":[{"href":"https:\/\/gironacappella.cat\/es\/wp-json\/wp\/v2\/media?parent=3097"}],"wp:term":[{"taxonomy":"post_tag","embeddable":true,"href":"https:\/\/gironacappella.cat\/es\/wp-json\/wp\/v2\/tags?post=3097"},{"taxonomy":"tribe_events_cat","embeddable":true,"href":"https:\/\/gironacappella.cat\/es\/wp-json\/wp\/v2\/tribe_events_cat?post=3097"}],"curies":[{"name":"wp","href":"https:\/\/api.w.org\/{rel}","templated":true}]}}

<p>[et_pb_section fb_built=»1&#8243; _builder_version=»4.16&#8243; global_colors_info=»{}»][et_pb_row _builder_version=»4.16&#8243; background_size=»initial» background_position=»top_left» background_repeat=»repeat» global_colors_info=»{}»][et_pb_column type=»4_4&#8243; _builder_version=»4.16&#8243; custom_padding=»|||» global_colors_info=»{}» custom_padding__hover=»|||»][et_pb_image _builder_version=»4.27.4&#8243; _module_preset=»default» title_text=»SONSET GV.- Foto promo» src=»https://gironacappella.cat/wp-content/uploads/2026/03/SONSET-GV.-Foto-promo-scaled.jpg» hover_enabled=»0&#8243; sticky_enabled=»0&#8243;][/et_pb_image][et_pb_text _builder_version=»4.27.4&#8243; background_size=»initial» background_position=»top_left» background_repeat=»repeat» hover_enabled=»0&#8243; global_colors_info=»{}» sticky_enabled=»0&#8243;]El Grupo Vocal Sonset formado por 10 jóvenes entusiastas, estudiantes de Grado Profesional, nos presenta un repertorio variado donde encontrará desde estándares de jazz, pasando por la canción tradicional catalana y llegando al pop de todos los&#8230;[/et_pb_text][/et_pb_column][/et_pb_row][/et_pb_section]</p>

<p>El Grupo Vocal Sonset formado por 10 jóvenes entusiastas, estudiantes de Grado Profesional, nos presenta un repertorio variado donde encontrará desde estándares de jazz, pasando por la canción tradicional catalana [&hellip;]</p>

<!-- This site is optimized with the Yoast SEO plugin v27.3 - https://yoast.com/product/yoast-seo-wordpress/ -->
<title>Sonset Grup Vocal - Girona A Cappella</title>
<meta name="description" content="El Grupo Vocal Sonset formado por 10 jóvenes entusiastas, estudiantes de Grado Profesional, nos presenta un repertorio variado donde encontrará desde estándares de jazz, pasando por la canción tradicional catalana y llegando al pop de todos los..." />
<meta name="robots" content="index, follow, max-snippet:-1, max-image-preview:large, max-video-preview:-1" />
<link rel="canonical" href="https://gironacappella.cat/sonset/" />
<meta property="og:locale" content="es_ES" />
<meta property="og:type" content="article" />
<meta property="og:title" content="Sonset Grup Vocal - Girona A Cappella" />
<meta property="og:description" content="El Grupo Vocal Sonset formado por 10 jóvenes entusiastas, estudiantes de Grado Profesional, nos presenta un repertorio variado donde encontrará desde estándares de jazz, pasando por la canción tradicional catalana y llegando al pop de todos los..." />
<meta property="og:url" content="https://gironacappella.cat/sonset/" />
<meta property="og:site_name" content="Girona A Cappella" />
<meta property="article:modified_time" content="2026-03-27T11:16:10+00:00" />
<meta property="og:image" content="https://gironacappella.cat/wp-content/uploads/2026/03/SONSET-GV.-Foto-promo-scaled.jpg" />
	<meta property="og:image:width" content="2560" />
	<meta property="og:image:height" content="1942" />
	<meta property="og:image:type" content="image/jpeg" />
<meta name="twitter:card" content="summary_large_image" />
<meta name="twitter:label1" content="Tiempo de lectura" />
	<meta name="twitter:data1" content="1 minuto" />
<script type="application/ld+json" class="yoast-schema-graph">{"@context":"https:\/\/schema.org","@graph":[{"@type":"WebPage","@id":"https:\/\/gironacappella.cat\/sonset\/","url":"https:\/\/gironacappella.cat\/sonset\/","name":"Sonset Grup Vocal - Girona A Cappella","isPartOf":{"@id":"https:\/\/gironacappella.cat\/#website"},"primaryImageOfPage":{"@id":"https:\/\/gironacappella.cat\/sonset\/#primaryimage"},"image":{"@id":"https:\/\/gironacappella.cat\/sonset\/#primaryimage"},"thumbnailUrl":"https:\/\/gironacappella.cat\/wp-content\/uploads\/2026\/03\/SONSET-GV.-Foto-promo-scaled.jpg","datePublished":"2026-03-26T18:25:22+00:00","dateModified":"2026-03-27T11:16:10+00:00","description":"El Grupo Vocal Sonset formado por 10 jóvenes entusiastas, estudiantes de Grado Profesional, nos presenta un repertorio variado donde encontrará desde estándares de jazz, pasando por la canción tradicional catalana y llegando al pop de todos los...","breadcrumb":{"@id":"https:\/\/gironacappella.cat\/sonset\/#breadcrumb"},"inLanguage":"es","potentialAction":[{"@type":"ReadAction","target":["https:\/\/gironacappella.cat\/sonset\/"]}]},{"@type":"ImageObject","inLanguage":"es","@id":"https:\/\/gironacappella.cat\/sonset\/#primaryimage","url":"https:\/\/gironacappella.cat\/wp-content\/uploads\/2026\/03\/SONSET-GV.-Foto-promo-scaled.jpg","contentUrl":"https:\/\/gironacappella.cat\/wp-content\/uploads\/2026\/03\/SONSET-GV.-Foto-promo-scaled.jpg","width":2560,"height":1942},{"@type":"BreadcrumbList","@id":"https:\/\/gironacappella.cat\/sonset\/#breadcrumb","itemListElement":[{"@type":"ListItem","position":1,"name":"Inici","item":"https:\/\/gironacappella.cat\/"},{"@type":"ListItem","position":2,"name":"Esdeveniments","item":"https:\/\/gironacappella.cat\/events\/"},{"@type":"ListItem","position":3,"name":"Sonset Grup Vocal"}]},{"@type":"WebSite","@id":"https:\/\/gironacappella.cat\/#website","url":"https:\/\/gironacappella.cat\/","name":"Girona A Cappella","description":"Per Temps de Flors Girona alça la veu!","potentialAction":[{"@type":"SearchAction","target":{"@type":"EntryPoint","urlTemplate":"https:\/\/gironacappella.cat\/?s={search_term_string}"},"query-input":{"@type":"PropertyValueSpecification","valueRequired":true,"valueName":"search_term_string"}}],"inLanguage":"es"}]}</script>
<!-- / Yoast SEO plugin. -->

El Grupo Vocal Sonset formado por 10 jóvenes entusiastas, estudiantes de Grado Profesional, nos presenta un repertorio variado donde encontrará desde estándares de jazz, pasando por la canción tradicional catalana y llegando al pop de todos los...

Per Temps de Flors Girona alça la veu!
