{"id":2783,"date":"2025-03-26T13:42:26","date_gmt":"2025-03-26T11:42:26","guid":{"rendered":"https:\/\/gironacappella.cat\/fructus-temporis\/"},"modified":"2025-03-26T13:42:26","modified_gmt":"2025-03-26T11:42:26","slug":"fructus-temporis","status":"publish","type":"tribe_events","link":"https:\/\/gironacappella.cat\/fr\/fructus-temporis\/","title":{"rendered":"Fructus Temporis"},"content":{"rendered":"<p>La chorale d&rsquo;Olot Fructus Temporis revient au festival A capella et propose cette deuxi\u00e8me fois un concert exclusivement Garrotxa. Un ch\u0153ur de femmes qui abandonne temporairement sa polyvalence pour r\u00e9cup\u00e9rer des chansons qui \u00e9taient habituellement chant\u00e9es et improvis\u00e9es par des voix masculines lorsqu&rsquo;elles jouaient dans les tavernes, et les pr\u00e9sente \u00e0 trois voix, avec un peu plus de formalit\u00e9, mais sans rien perdre de leur fra\u00eecheur. C&rsquo;est ainsi qu&rsquo;un r\u00e9pertoire qui fait partie de l&rsquo;imaginaire collectif de la Garrotxa est diffus\u00e9 au-del\u00e0 des fronti\u00e8res de la r\u00e9gion. Une douzaine de voix f\u00e9minines chanteront des chansons l\u00e9g\u00e8res, des chansons de taverne, des chansons d&rsquo;histoires locales qui, arrang\u00e9es avec la sensibilit\u00e9 d&rsquo;Agust\u00ed Pedrico, quittent leur atmosph\u00e8re rude habituelle pour monter sur sc\u00e8ne et prendre une dimension plus d\u00e9licate, plus \u00e9l\u00e9gante, peut-\u00eatre m\u00eame plus sympathique.<\/p>\n<div id=\"attachment_2728\" style=\"width: 1034px\" class=\"wp-caption alignnone\"><img loading=\"lazy\" decoding=\"async\" aria-describedby=\"caption-attachment-2728\" class=\"wp-image-2728 size-large\" src=\"https:\/\/gironacappella.cat\/wp-content\/uploads\/2025\/03\/FRUCTUS-TEMPORI_277-1024x683.jpg\" alt=\"\" width=\"1024\" height=\"683\" srcset=\"https:\/\/gironacappella.cat\/wp-content\/uploads\/2025\/03\/FRUCTUS-TEMPORI_277-980x653.jpg 980w, https:\/\/gironacappella.cat\/wp-content\/uploads\/2025\/03\/FRUCTUS-TEMPORI_277-480x320.jpg 480w\" sizes=\"(min-width: 0px) and (max-width: 480px) 480px, (min-width: 481px) and (max-width: 980px) 980px, (min-width: 981px) 1024px, 100vw\" \/><p id=\"caption-attachment-2728\" class=\"wp-caption-text\">Evoto<\/p><\/div>\n","protected":false},"excerpt":{"rendered":"<p>La chorale d&rsquo;Olot Fructus Temporis revient au festival A capella et propose cette deuxi\u00e8me fois un concert exclusivement Garrotxa. Un ch\u0153ur de femmes qui abandonne temporairement sa polyvalence pour r\u00e9cup\u00e9rer [&hellip;]<\/p>\n","protected":false},"author":3,"featured_media":2730,"template":"","meta":{"_et_pb_use_builder":"off","_et_pb_old_content":"","_et_gb_content_width":"","_tribe_events_status":"","_tribe_events_status_reason":"","footnotes":""},"tags":[],"tribe_events_cat":[232],"class_list":["post-2783","tribe_events","type-tribe_events","status-publish","has-post-thumbnail","hentry","tribe_events_cat-fructus-temporis-fr","cat_fructus-temporis-fr"],"yoast_head":"<!-- This site is optimized with the Yoast SEO plugin v27.3 - https:\/\/yoast.com\/product\/yoast-seo-wordpress\/ -->\n<title>Fructus Temporis - Girona A Cappella<\/title>\n<meta name=\"robots\" content=\"index, follow, max-snippet:-1, max-image-preview:large, max-video-preview:-1\" \/>\n<link rel=\"canonical\" href=\"https:\/\/gironacappella.cat\/fructus-temporis\/\" \/>\n<meta property=\"og:locale\" content=\"fr_FR\" \/>\n<meta property=\"og:type\" content=\"article\" \/>\n<meta property=\"og:title\" content=\"Fructus Temporis - Girona A Cappella\" \/>\n<meta property=\"og:description\" content=\"La chorale d&rsquo;Olot Fructus Temporis revient au festival A capella et propose cette deuxi\u00e8me fois un concert exclusivement Garrotxa. Un ch\u0153ur de femmes qui abandonne temporairement sa polyvalence pour r\u00e9cup\u00e9rer [&hellip;]\" \/>\n<meta property=\"og:url\" content=\"https:\/\/gironacappella.cat\/fructus-temporis\/\" \/>\n<meta property=\"og:site_name\" content=\"Girona A Cappella\" \/>\n<meta property=\"og:image\" content=\"https:\/\/gironacappella.cat\/wp-content\/uploads\/2025\/03\/FRUCTUS-TEMPORI_277-scaled.jpg\" \/>\n\t<meta property=\"og:image:width\" content=\"2560\" \/>\n\t<meta property=\"og:image:height\" content=\"1707\" \/>\n\t<meta property=\"og:image:type\" content=\"image\/jpeg\" \/>\n<meta name=\"twitter:card\" content=\"summary_large_image\" \/>\n<meta name=\"twitter:label1\" content=\"Dur\u00e9e de lecture estim\u00e9e\" \/>\n\t<meta name=\"twitter:data1\" content=\"1 minute\" \/>\n<script type=\"application\/ld+json\" class=\"yoast-schema-graph\">{\"@context\":\"https:\\\/\\\/schema.org\",\"@graph\":[{\"@type\":\"WebPage\",\"@id\":\"https:\\\/\\\/gironacappella.cat\\\/fructus-temporis\\\/\",\"url\":\"https:\\\/\\\/gironacappella.cat\\\/fructus-temporis\\\/\",\"name\":\"Fructus Temporis - Girona A Cappella\",\"isPartOf\":{\"@id\":\"https:\\\/\\\/gironacappella.cat\\\/#website\"},\"primaryImageOfPage\":{\"@id\":\"https:\\\/\\\/gironacappella.cat\\\/fructus-temporis\\\/#primaryimage\"},\"image\":{\"@id\":\"https:\\\/\\\/gironacappella.cat\\\/fructus-temporis\\\/#primaryimage\"},\"thumbnailUrl\":\"https:\\\/\\\/gironacappella.cat\\\/wp-content\\\/uploads\\\/2025\\\/03\\\/FRUCTUS-TEMPORI_277-scaled.jpg\",\"datePublished\":\"2025-03-26T11:42:26+00:00\",\"breadcrumb\":{\"@id\":\"https:\\\/\\\/gironacappella.cat\\\/fructus-temporis\\\/#breadcrumb\"},\"inLanguage\":\"fr-FR\",\"potentialAction\":[{\"@type\":\"ReadAction\",\"target\":[\"https:\\\/\\\/gironacappella.cat\\\/fructus-temporis\\\/\"]}]},{\"@type\":\"ImageObject\",\"inLanguage\":\"fr-FR\",\"@id\":\"https:\\\/\\\/gironacappella.cat\\\/fructus-temporis\\\/#primaryimage\",\"url\":\"https:\\\/\\\/gironacappella.cat\\\/wp-content\\\/uploads\\\/2025\\\/03\\\/FRUCTUS-TEMPORI_277-scaled.jpg\",\"contentUrl\":\"https:\\\/\\\/gironacappella.cat\\\/wp-content\\\/uploads\\\/2025\\\/03\\\/FRUCTUS-TEMPORI_277-scaled.jpg\",\"width\":2560,\"height\":1707,\"caption\":\"Evoto\"},{\"@type\":\"BreadcrumbList\",\"@id\":\"https:\\\/\\\/gironacappella.cat\\\/fructus-temporis\\\/#breadcrumb\",\"itemListElement\":[{\"@type\":\"ListItem\",\"position\":1,\"name\":\"Inici\",\"item\":\"https:\\\/\\\/gironacappella.cat\\\/\"},{\"@type\":\"ListItem\",\"position\":2,\"name\":\"Esdeveniments\",\"item\":\"https:\\\/\\\/gironacappella.cat\\\/events\\\/\"},{\"@type\":\"ListItem\",\"position\":3,\"name\":\"Fructus Temporis\"}]},{\"@type\":\"WebSite\",\"@id\":\"https:\\\/\\\/gironacappella.cat\\\/#website\",\"url\":\"https:\\\/\\\/gironacappella.cat\\\/\",\"name\":\"Girona A Cappella\",\"description\":\"Per Temps de Flors Girona al\u00e7a la veu!\",\"potentialAction\":[{\"@type\":\"SearchAction\",\"target\":{\"@type\":\"EntryPoint\",\"urlTemplate\":\"https:\\\/\\\/gironacappella.cat\\\/?s={search_term_string}\"},\"query-input\":{\"@type\":\"PropertyValueSpecification\",\"valueRequired\":true,\"valueName\":\"search_term_string\"}}],\"inLanguage\":\"fr-FR\"}]}<\/script>\n<!-- \/ Yoast SEO plugin. -->","yoast_head_json":{"title":"Fructus Temporis - Girona A Cappella","robots":{"index":"index","follow":"follow","max-snippet":"max-snippet:-1","max-image-preview":"max-image-preview:large","max-video-preview":"max-video-preview:-1"},"canonical":"https:\/\/gironacappella.cat\/fructus-temporis\/","og_locale":"fr_FR","og_type":"article","og_title":"Fructus Temporis - Girona A Cappella","og_description":"La chorale d&rsquo;Olot Fructus Temporis revient au festival A capella et propose cette deuxi\u00e8me fois un concert exclusivement Garrotxa. Un ch\u0153ur de femmes qui abandonne temporairement sa polyvalence pour r\u00e9cup\u00e9rer [&hellip;]","og_url":"https:\/\/gironacappella.cat\/fructus-temporis\/","og_site_name":"Girona A Cappella","og_image":[{"width":2560,"height":1707,"url":"https:\/\/gironacappella.cat\/wp-content\/uploads\/2025\/03\/FRUCTUS-TEMPORI_277-scaled.jpg","type":"image\/jpeg"}],"twitter_card":"summary_large_image","twitter_misc":{"Dur\u00e9e de lecture estim\u00e9e":"1 minute"},"schema":{"@context":"https:\/\/schema.org","@graph":[{"@type":"WebPage","@id":"https:\/\/gironacappella.cat\/fructus-temporis\/","url":"https:\/\/gironacappella.cat\/fructus-temporis\/","name":"Fructus Temporis - Girona A Cappella","isPartOf":{"@id":"https:\/\/gironacappella.cat\/#website"},"primaryImageOfPage":{"@id":"https:\/\/gironacappella.cat\/fructus-temporis\/#primaryimage"},"image":{"@id":"https:\/\/gironacappella.cat\/fructus-temporis\/#primaryimage"},"thumbnailUrl":"https:\/\/gironacappella.cat\/wp-content\/uploads\/2025\/03\/FRUCTUS-TEMPORI_277-scaled.jpg","datePublished":"2025-03-26T11:42:26+00:00","breadcrumb":{"@id":"https:\/\/gironacappella.cat\/fructus-temporis\/#breadcrumb"},"inLanguage":"fr-FR","potentialAction":[{"@type":"ReadAction","target":["https:\/\/gironacappella.cat\/fructus-temporis\/"]}]},{"@type":"ImageObject","inLanguage":"fr-FR","@id":"https:\/\/gironacappella.cat\/fructus-temporis\/#primaryimage","url":"https:\/\/gironacappella.cat\/wp-content\/uploads\/2025\/03\/FRUCTUS-TEMPORI_277-scaled.jpg","contentUrl":"https:\/\/gironacappella.cat\/wp-content\/uploads\/2025\/03\/FRUCTUS-TEMPORI_277-scaled.jpg","width":2560,"height":1707,"caption":"Evoto"},{"@type":"BreadcrumbList","@id":"https:\/\/gironacappella.cat\/fructus-temporis\/#breadcrumb","itemListElement":[{"@type":"ListItem","position":1,"name":"Inici","item":"https:\/\/gironacappella.cat\/"},{"@type":"ListItem","position":2,"name":"Esdeveniments","item":"https:\/\/gironacappella.cat\/events\/"},{"@type":"ListItem","position":3,"name":"Fructus Temporis"}]},{"@type":"WebSite","@id":"https:\/\/gironacappella.cat\/#website","url":"https:\/\/gironacappella.cat\/","name":"Girona A Cappella","description":"Per Temps de Flors Girona al\u00e7a la veu!","potentialAction":[{"@type":"SearchAction","target":{"@type":"EntryPoint","urlTemplate":"https:\/\/gironacappella.cat\/?s={search_term_string}"},"query-input":{"@type":"PropertyValueSpecification","valueRequired":true,"valueName":"search_term_string"}}],"inLanguage":"fr-FR"}]}},"_links":{"self":[{"href":"https:\/\/gironacappella.cat\/fr\/wp-json\/wp\/v2\/tribe_events\/2783","targetHints":{"allow":["GET"]}}],"collection":[{"href":"https:\/\/gironacappella.cat\/fr\/wp-json\/wp\/v2\/tribe_events"}],"about":[{"href":"https:\/\/gironacappella.cat\/fr\/wp-json\/wp\/v2\/types\/tribe_events"}],"author":[{"embeddable":true,"href":"https:\/\/gironacappella.cat\/fr\/wp-json\/wp\/v2\/users\/3"}],"version-history":[{"count":0,"href":"https:\/\/gironacappella.cat\/fr\/wp-json\/wp\/v2\/tribe_events\/2783\/revisions"}],"wp:featuredmedia":[{"embeddable":true,"href":"https:\/\/gironacappella.cat\/fr\/wp-json\/wp\/v2\/media\/2730"}],"wp:attachment":[{"href":"https:\/\/gironacappella.cat\/fr\/wp-json\/wp\/v2\/media?parent=2783"}],"wp:term":[{"taxonomy":"post_tag","embeddable":true,"href":"https:\/\/gironacappella.cat\/fr\/wp-json\/wp\/v2\/tags?post=2783"},{"taxonomy":"tribe_events_cat","embeddable":true,"href":"https:\/\/gironacappella.cat\/fr\/wp-json\/wp\/v2\/tribe_events_cat?post=2783"}],"curies":[{"name":"wp","href":"https:\/\/api.w.org\/{rel}","templated":true}]}}

<p>La chorale d&rsquo;Olot Fructus Temporis revient au festival A capella et propose cette deuxième fois un concert exclusivement Garrotxa. Un chœur de femmes qui abandonne temporairement sa polyvalence pour récupérer des chansons qui étaient habituellement chantées et improvisées par des voix masculines lorsqu&rsquo;elles jouaient dans les tavernes, et les présente à trois voix, avec un peu plus de formalité, mais sans rien perdre de leur fraîcheur. C&rsquo;est ainsi qu&rsquo;un répertoire qui fait partie de l&rsquo;imaginaire collectif de la Garrotxa est diffusé au-delà des frontières de la région. Une douzaine de voix féminines chanteront des chansons légères, des chansons de taverne, des chansons d&rsquo;histoires locales qui, arrangées avec la sensibilité d&rsquo;Agustí Pedrico, quittent leur atmosphère rude habituelle pour monter sur scène et prendre une dimension plus délicate, plus élégante, peut-être même plus sympathique.</p>
<div id="attachment_2728" style="width: 1034px" class="wp-caption alignnone"><img loading="lazy" decoding="async" aria-describedby="caption-attachment-2728" class="wp-image-2728 size-large" src="https://gironacappella.cat/wp-content/uploads/2025/03/FRUCTUS-TEMPORI_277-1024x683.jpg" alt="" width="1024" height="683" srcset="https://gironacappella.cat/wp-content/uploads/2025/03/FRUCTUS-TEMPORI_277-980x653.jpg 980w, https://gironacappella.cat/wp-content/uploads/2025/03/FRUCTUS-TEMPORI_277-480x320.jpg 480w" sizes="(min-width: 0px) and (max-width: 480px) 480px, (min-width: 481px) and (max-width: 980px) 980px, (min-width: 981px) 1024px, 100vw" /><p id="caption-attachment-2728" class="wp-caption-text">Evoto</p></div>

<p>La chorale d&rsquo;Olot Fructus Temporis revient au festival A capella et propose cette deuxième fois un concert exclusivement Garrotxa. Un chœur de femmes qui abandonne temporairement sa polyvalence pour récupérer [&hellip;]</p>

<!-- This site is optimized with the Yoast SEO plugin v27.3 - https://yoast.com/product/yoast-seo-wordpress/ -->
<title>Fructus Temporis - Girona A Cappella</title>
<meta name="robots" content="index, follow, max-snippet:-1, max-image-preview:large, max-video-preview:-1" />
<link rel="canonical" href="https://gironacappella.cat/fructus-temporis/" />
<meta property="og:locale" content="fr_FR" />
<meta property="og:type" content="article" />
<meta property="og:title" content="Fructus Temporis - Girona A Cappella" />
<meta property="og:description" content="La chorale d&rsquo;Olot Fructus Temporis revient au festival A capella et propose cette deuxième fois un concert exclusivement Garrotxa. Un chœur de femmes qui abandonne temporairement sa polyvalence pour récupérer [&hellip;]" />
<meta property="og:url" content="https://gironacappella.cat/fructus-temporis/" />
<meta property="og:site_name" content="Girona A Cappella" />
<meta property="og:image" content="https://gironacappella.cat/wp-content/uploads/2025/03/FRUCTUS-TEMPORI_277-scaled.jpg" />
	<meta property="og:image:width" content="2560" />
	<meta property="og:image:height" content="1707" />
	<meta property="og:image:type" content="image/jpeg" />
<meta name="twitter:card" content="summary_large_image" />
<meta name="twitter:label1" content="Durée de lecture estimée" />
	<meta name="twitter:data1" content="1 minute" />
<script type="application/ld+json" class="yoast-schema-graph">{"@context":"https:\/\/schema.org","@graph":[{"@type":"WebPage","@id":"https:\/\/gironacappella.cat\/fructus-temporis\/","url":"https:\/\/gironacappella.cat\/fructus-temporis\/","name":"Fructus Temporis - Girona A Cappella","isPartOf":{"@id":"https:\/\/gironacappella.cat\/#website"},"primaryImageOfPage":{"@id":"https:\/\/gironacappella.cat\/fructus-temporis\/#primaryimage"},"image":{"@id":"https:\/\/gironacappella.cat\/fructus-temporis\/#primaryimage"},"thumbnailUrl":"https:\/\/gironacappella.cat\/wp-content\/uploads\/2025\/03\/FRUCTUS-TEMPORI_277-scaled.jpg","datePublished":"2025-03-26T11:42:26+00:00","breadcrumb":{"@id":"https:\/\/gironacappella.cat\/fructus-temporis\/#breadcrumb"},"inLanguage":"fr-FR","potentialAction":[{"@type":"ReadAction","target":["https:\/\/gironacappella.cat\/fructus-temporis\/"]}]},{"@type":"ImageObject","inLanguage":"fr-FR","@id":"https:\/\/gironacappella.cat\/fructus-temporis\/#primaryimage","url":"https:\/\/gironacappella.cat\/wp-content\/uploads\/2025\/03\/FRUCTUS-TEMPORI_277-scaled.jpg","contentUrl":"https:\/\/gironacappella.cat\/wp-content\/uploads\/2025\/03\/FRUCTUS-TEMPORI_277-scaled.jpg","width":2560,"height":1707,"caption":"Evoto"},{"@type":"BreadcrumbList","@id":"https:\/\/gironacappella.cat\/fructus-temporis\/#breadcrumb","itemListElement":[{"@type":"ListItem","position":1,"name":"Inici","item":"https:\/\/gironacappella.cat\/"},{"@type":"ListItem","position":2,"name":"Esdeveniments","item":"https:\/\/gironacappella.cat\/events\/"},{"@type":"ListItem","position":3,"name":"Fructus Temporis"}]},{"@type":"WebSite","@id":"https:\/\/gironacappella.cat\/#website","url":"https:\/\/gironacappella.cat\/","name":"Girona A Cappella","description":"Per Temps de Flors Girona alça la veu!","potentialAction":[{"@type":"SearchAction","target":{"@type":"EntryPoint","urlTemplate":"https:\/\/gironacappella.cat\/?s={search_term_string}"},"query-input":{"@type":"PropertyValueSpecification","valueRequired":true,"valueName":"search_term_string"}}],"inLanguage":"fr-FR"}]}</script>
<!-- / Yoast SEO plugin. -->

La chorale d&rsquo;Olot Fructus Temporis revient au festival A capella et propose cette deuxième fois un concert exclusivement Garrotxa. Un chœur de femmes qui abandonne temporairement sa polyvalence pour récupérer [&hellip;]

Per Temps de Flors Girona alça la veu!
