{"id":2800,"date":"2025-03-26T12:56:32","date_gmt":"2025-03-26T10:56:32","guid":{"rendered":"https:\/\/gironacappella.cat\/heaven-on-earth-gospel-choir\/"},"modified":"2025-03-26T12:56:32","modified_gmt":"2025-03-26T10:56:32","slug":"heaven-on-earth-gospel-choir","status":"publish","type":"tribe_events","link":"https:\/\/gironacappella.cat\/fr\/heaven-on-earth-gospel-choir\/","title":{"rendered":"Heaven On Earth Gospel Choir"},"content":{"rendered":"<p>Heaven On Earth Gospel Choir est une chorale gospel dirig\u00e9e par \u00c0ngels Isern et Mois\u00e8s Sala. Elle d\u00e9bute son parcours en novembre 2021 avec la volont\u00e9 de cr\u00e9er une chorale solidaire \u00e0 but non lucratif qui touche tous types de groupes pour g\u00e9n\u00e9rer des liens entre les gens \u00e0 travers la musique gospel, cr\u00e9ant une coh\u00e9sion sociale et des opportunit\u00e9s de participation. Pour cette raison, la Chorale offre des bourses \u00e0 des personnes disposant de peu de ressources qui d\u00e9sirent chanter et vibrer avec la Chorale et le gospel.<img loading=\"lazy\" decoding=\"async\" class=\"alignnone wp-image-2692 size-large\" src=\"https:\/\/gironacappella.cat\/wp-content\/uploads\/2025\/03\/Teatre-Municipal-Girona-1024x681.jpg\" alt=\"\" width=\"1024\" height=\"681\" srcset=\"https:\/\/gironacappella.cat\/wp-content\/uploads\/2025\/03\/Teatre-Municipal-Girona-980x652.jpg 980w, https:\/\/gironacappella.cat\/wp-content\/uploads\/2025\/03\/Teatre-Municipal-Girona-480x319.jpg 480w\" sizes=\"(min-width: 0px) and (max-width: 480px) 480px, (min-width: 481px) and (max-width: 980px) 980px, (min-width: 981px) 1024px, 100vw\" \/><\/p>\n","protected":false},"excerpt":{"rendered":"<p>Heaven On Earth Gospel Choir est une chorale gospel dirig\u00e9e par \u00c0ngels Isern et Mois\u00e8s Sala. Elle d\u00e9bute son parcours en novembre 2021 avec la volont\u00e9 de cr\u00e9er une chorale [&hellip;]<\/p>\n","protected":false},"author":3,"featured_media":2694,"template":"","meta":{"_et_pb_use_builder":"off","_et_pb_old_content":"","_et_gb_content_width":"","_tribe_events_status":"","_tribe_events_status_reason":"","footnotes":""},"tags":[],"tribe_events_cat":[244],"class_list":["post-2800","tribe_events","type-tribe_events","status-publish","has-post-thumbnail","hentry","tribe_events_cat-heaven-on-earth-fr","cat_heaven-on-earth-fr"],"yoast_head":"<!-- This site is optimized with the Yoast SEO plugin v27.3 - https:\/\/yoast.com\/product\/yoast-seo-wordpress\/ -->\n<title>Heaven On Earth Gospel Choir - Girona A Cappella<\/title>\n<meta name=\"robots\" content=\"index, follow, max-snippet:-1, max-image-preview:large, max-video-preview:-1\" \/>\n<link rel=\"canonical\" href=\"https:\/\/gironacappella.cat\/heaven-on-earth-gospel-choir\/\" \/>\n<meta property=\"og:locale\" content=\"fr_FR\" \/>\n<meta property=\"og:type\" content=\"article\" \/>\n<meta property=\"og:title\" content=\"Heaven On Earth Gospel Choir - Girona A Cappella\" \/>\n<meta property=\"og:description\" content=\"Heaven On Earth Gospel Choir est une chorale gospel dirig\u00e9e par \u00c0ngels Isern et Mois\u00e8s Sala. Elle d\u00e9bute son parcours en novembre 2021 avec la volont\u00e9 de cr\u00e9er une chorale [&hellip;]\" \/>\n<meta property=\"og:url\" content=\"https:\/\/gironacappella.cat\/heaven-on-earth-gospel-choir\/\" \/>\n<meta property=\"og:site_name\" content=\"Girona A Cappella\" \/>\n<meta property=\"og:image\" content=\"https:\/\/gironacappella.cat\/wp-content\/uploads\/2025\/03\/Teatre-Municipal-Girona-scaled.jpg\" \/>\n\t<meta property=\"og:image:width\" content=\"2560\" \/>\n\t<meta property=\"og:image:height\" content=\"1703\" \/>\n\t<meta property=\"og:image:type\" content=\"image\/jpeg\" \/>\n<meta name=\"twitter:card\" content=\"summary_large_image\" \/>\n<script type=\"application\/ld+json\" class=\"yoast-schema-graph\">{\"@context\":\"https:\\\/\\\/schema.org\",\"@graph\":[{\"@type\":\"WebPage\",\"@id\":\"https:\\\/\\\/gironacappella.cat\\\/heaven-on-earth-gospel-choir\\\/\",\"url\":\"https:\\\/\\\/gironacappella.cat\\\/heaven-on-earth-gospel-choir\\\/\",\"name\":\"Heaven On Earth Gospel Choir - Girona A Cappella\",\"isPartOf\":{\"@id\":\"https:\\\/\\\/gironacappella.cat\\\/#website\"},\"primaryImageOfPage\":{\"@id\":\"https:\\\/\\\/gironacappella.cat\\\/heaven-on-earth-gospel-choir\\\/#primaryimage\"},\"image\":{\"@id\":\"https:\\\/\\\/gironacappella.cat\\\/heaven-on-earth-gospel-choir\\\/#primaryimage\"},\"thumbnailUrl\":\"https:\\\/\\\/gironacappella.cat\\\/wp-content\\\/uploads\\\/2025\\\/03\\\/Teatre-Municipal-Girona-scaled.jpg\",\"datePublished\":\"2025-03-26T10:56:32+00:00\",\"breadcrumb\":{\"@id\":\"https:\\\/\\\/gironacappella.cat\\\/heaven-on-earth-gospel-choir\\\/#breadcrumb\"},\"inLanguage\":\"fr-FR\",\"potentialAction\":[{\"@type\":\"ReadAction\",\"target\":[\"https:\\\/\\\/gironacappella.cat\\\/heaven-on-earth-gospel-choir\\\/\"]}]},{\"@type\":\"ImageObject\",\"inLanguage\":\"fr-FR\",\"@id\":\"https:\\\/\\\/gironacappella.cat\\\/heaven-on-earth-gospel-choir\\\/#primaryimage\",\"url\":\"https:\\\/\\\/gironacappella.cat\\\/wp-content\\\/uploads\\\/2025\\\/03\\\/Teatre-Municipal-Girona-scaled.jpg\",\"contentUrl\":\"https:\\\/\\\/gironacappella.cat\\\/wp-content\\\/uploads\\\/2025\\\/03\\\/Teatre-Municipal-Girona-scaled.jpg\",\"width\":2560,\"height\":1703},{\"@type\":\"BreadcrumbList\",\"@id\":\"https:\\\/\\\/gironacappella.cat\\\/heaven-on-earth-gospel-choir\\\/#breadcrumb\",\"itemListElement\":[{\"@type\":\"ListItem\",\"position\":1,\"name\":\"Inici\",\"item\":\"https:\\\/\\\/gironacappella.cat\\\/\"},{\"@type\":\"ListItem\",\"position\":2,\"name\":\"Esdeveniments\",\"item\":\"https:\\\/\\\/gironacappella.cat\\\/events\\\/\"},{\"@type\":\"ListItem\",\"position\":3,\"name\":\"Heaven On Earth Gospel Choir\"}]},{\"@type\":\"WebSite\",\"@id\":\"https:\\\/\\\/gironacappella.cat\\\/#website\",\"url\":\"https:\\\/\\\/gironacappella.cat\\\/\",\"name\":\"Girona A Cappella\",\"description\":\"Per Temps de Flors Girona al\u00e7a la veu!\",\"potentialAction\":[{\"@type\":\"SearchAction\",\"target\":{\"@type\":\"EntryPoint\",\"urlTemplate\":\"https:\\\/\\\/gironacappella.cat\\\/?s={search_term_string}\"},\"query-input\":{\"@type\":\"PropertyValueSpecification\",\"valueRequired\":true,\"valueName\":\"search_term_string\"}}],\"inLanguage\":\"fr-FR\"}]}<\/script>\n<!-- \/ Yoast SEO plugin. -->","yoast_head_json":{"title":"Heaven On Earth Gospel Choir - Girona A Cappella","robots":{"index":"index","follow":"follow","max-snippet":"max-snippet:-1","max-image-preview":"max-image-preview:large","max-video-preview":"max-video-preview:-1"},"canonical":"https:\/\/gironacappella.cat\/heaven-on-earth-gospel-choir\/","og_locale":"fr_FR","og_type":"article","og_title":"Heaven On Earth Gospel Choir - Girona A Cappella","og_description":"Heaven On Earth Gospel Choir est une chorale gospel dirig\u00e9e par \u00c0ngels Isern et Mois\u00e8s Sala. Elle d\u00e9bute son parcours en novembre 2021 avec la volont\u00e9 de cr\u00e9er une chorale [&hellip;]","og_url":"https:\/\/gironacappella.cat\/heaven-on-earth-gospel-choir\/","og_site_name":"Girona A Cappella","og_image":[{"width":2560,"height":1703,"url":"https:\/\/gironacappella.cat\/wp-content\/uploads\/2025\/03\/Teatre-Municipal-Girona-scaled.jpg","type":"image\/jpeg"}],"twitter_card":"summary_large_image","schema":{"@context":"https:\/\/schema.org","@graph":[{"@type":"WebPage","@id":"https:\/\/gironacappella.cat\/heaven-on-earth-gospel-choir\/","url":"https:\/\/gironacappella.cat\/heaven-on-earth-gospel-choir\/","name":"Heaven On Earth Gospel Choir - Girona A Cappella","isPartOf":{"@id":"https:\/\/gironacappella.cat\/#website"},"primaryImageOfPage":{"@id":"https:\/\/gironacappella.cat\/heaven-on-earth-gospel-choir\/#primaryimage"},"image":{"@id":"https:\/\/gironacappella.cat\/heaven-on-earth-gospel-choir\/#primaryimage"},"thumbnailUrl":"https:\/\/gironacappella.cat\/wp-content\/uploads\/2025\/03\/Teatre-Municipal-Girona-scaled.jpg","datePublished":"2025-03-26T10:56:32+00:00","breadcrumb":{"@id":"https:\/\/gironacappella.cat\/heaven-on-earth-gospel-choir\/#breadcrumb"},"inLanguage":"fr-FR","potentialAction":[{"@type":"ReadAction","target":["https:\/\/gironacappella.cat\/heaven-on-earth-gospel-choir\/"]}]},{"@type":"ImageObject","inLanguage":"fr-FR","@id":"https:\/\/gironacappella.cat\/heaven-on-earth-gospel-choir\/#primaryimage","url":"https:\/\/gironacappella.cat\/wp-content\/uploads\/2025\/03\/Teatre-Municipal-Girona-scaled.jpg","contentUrl":"https:\/\/gironacappella.cat\/wp-content\/uploads\/2025\/03\/Teatre-Municipal-Girona-scaled.jpg","width":2560,"height":1703},{"@type":"BreadcrumbList","@id":"https:\/\/gironacappella.cat\/heaven-on-earth-gospel-choir\/#breadcrumb","itemListElement":[{"@type":"ListItem","position":1,"name":"Inici","item":"https:\/\/gironacappella.cat\/"},{"@type":"ListItem","position":2,"name":"Esdeveniments","item":"https:\/\/gironacappella.cat\/events\/"},{"@type":"ListItem","position":3,"name":"Heaven On Earth Gospel Choir"}]},{"@type":"WebSite","@id":"https:\/\/gironacappella.cat\/#website","url":"https:\/\/gironacappella.cat\/","name":"Girona A Cappella","description":"Per Temps de Flors Girona al\u00e7a la veu!","potentialAction":[{"@type":"SearchAction","target":{"@type":"EntryPoint","urlTemplate":"https:\/\/gironacappella.cat\/?s={search_term_string}"},"query-input":{"@type":"PropertyValueSpecification","valueRequired":true,"valueName":"search_term_string"}}],"inLanguage":"fr-FR"}]}},"_links":{"self":[{"href":"https:\/\/gironacappella.cat\/fr\/wp-json\/wp\/v2\/tribe_events\/2800","targetHints":{"allow":["GET"]}}],"collection":[{"href":"https:\/\/gironacappella.cat\/fr\/wp-json\/wp\/v2\/tribe_events"}],"about":[{"href":"https:\/\/gironacappella.cat\/fr\/wp-json\/wp\/v2\/types\/tribe_events"}],"author":[{"embeddable":true,"href":"https:\/\/gironacappella.cat\/fr\/wp-json\/wp\/v2\/users\/3"}],"version-history":[{"count":0,"href":"https:\/\/gironacappella.cat\/fr\/wp-json\/wp\/v2\/tribe_events\/2800\/revisions"}],"wp:featuredmedia":[{"embeddable":true,"href":"https:\/\/gironacappella.cat\/fr\/wp-json\/wp\/v2\/media\/2694"}],"wp:attachment":[{"href":"https:\/\/gironacappella.cat\/fr\/wp-json\/wp\/v2\/media?parent=2800"}],"wp:term":[{"taxonomy":"post_tag","embeddable":true,"href":"https:\/\/gironacappella.cat\/fr\/wp-json\/wp\/v2\/tags?post=2800"},{"taxonomy":"tribe_events_cat","embeddable":true,"href":"https:\/\/gironacappella.cat\/fr\/wp-json\/wp\/v2\/tribe_events_cat?post=2800"}],"curies":[{"name":"wp","href":"https:\/\/api.w.org\/{rel}","templated":true}]}}

<p>Heaven On Earth Gospel Choir est une chorale gospel dirigée par Àngels Isern et Moisès Sala. Elle débute son parcours en novembre 2021 avec la volonté de créer une chorale solidaire à but non lucratif qui touche tous types de groupes pour générer des liens entre les gens à travers la musique gospel, créant une cohésion sociale et des opportunités de participation. Pour cette raison, la Chorale offre des bourses à des personnes disposant de peu de ressources qui désirent chanter et vibrer avec la Chorale et le gospel.<img loading="lazy" decoding="async" class="alignnone wp-image-2692 size-large" src="https://gironacappella.cat/wp-content/uploads/2025/03/Teatre-Municipal-Girona-1024x681.jpg" alt="" width="1024" height="681" srcset="https://gironacappella.cat/wp-content/uploads/2025/03/Teatre-Municipal-Girona-980x652.jpg 980w, https://gironacappella.cat/wp-content/uploads/2025/03/Teatre-Municipal-Girona-480x319.jpg 480w" sizes="(min-width: 0px) and (max-width: 480px) 480px, (min-width: 481px) and (max-width: 980px) 980px, (min-width: 981px) 1024px, 100vw" /></p>

<p>Heaven On Earth Gospel Choir est une chorale gospel dirigée par Àngels Isern et Moisès Sala. Elle débute son parcours en novembre 2021 avec la volonté de créer une chorale [&hellip;]</p>

<!-- This site is optimized with the Yoast SEO plugin v27.3 - https://yoast.com/product/yoast-seo-wordpress/ -->
<title>Heaven On Earth Gospel Choir - Girona A Cappella</title>
<meta name="robots" content="index, follow, max-snippet:-1, max-image-preview:large, max-video-preview:-1" />
<link rel="canonical" href="https://gironacappella.cat/heaven-on-earth-gospel-choir/" />
<meta property="og:locale" content="fr_FR" />
<meta property="og:type" content="article" />
<meta property="og:title" content="Heaven On Earth Gospel Choir - Girona A Cappella" />
<meta property="og:description" content="Heaven On Earth Gospel Choir est une chorale gospel dirigée par Àngels Isern et Moisès Sala. Elle débute son parcours en novembre 2021 avec la volonté de créer une chorale [&hellip;]" />
<meta property="og:url" content="https://gironacappella.cat/heaven-on-earth-gospel-choir/" />
<meta property="og:site_name" content="Girona A Cappella" />
<meta property="og:image" content="https://gironacappella.cat/wp-content/uploads/2025/03/Teatre-Municipal-Girona-scaled.jpg" />
	<meta property="og:image:width" content="2560" />
	<meta property="og:image:height" content="1703" />
	<meta property="og:image:type" content="image/jpeg" />
<meta name="twitter:card" content="summary_large_image" />
<script type="application/ld+json" class="yoast-schema-graph">{"@context":"https:\/\/schema.org","@graph":[{"@type":"WebPage","@id":"https:\/\/gironacappella.cat\/heaven-on-earth-gospel-choir\/","url":"https:\/\/gironacappella.cat\/heaven-on-earth-gospel-choir\/","name":"Heaven On Earth Gospel Choir - Girona A Cappella","isPartOf":{"@id":"https:\/\/gironacappella.cat\/#website"},"primaryImageOfPage":{"@id":"https:\/\/gironacappella.cat\/heaven-on-earth-gospel-choir\/#primaryimage"},"image":{"@id":"https:\/\/gironacappella.cat\/heaven-on-earth-gospel-choir\/#primaryimage"},"thumbnailUrl":"https:\/\/gironacappella.cat\/wp-content\/uploads\/2025\/03\/Teatre-Municipal-Girona-scaled.jpg","datePublished":"2025-03-26T10:56:32+00:00","breadcrumb":{"@id":"https:\/\/gironacappella.cat\/heaven-on-earth-gospel-choir\/#breadcrumb"},"inLanguage":"fr-FR","potentialAction":[{"@type":"ReadAction","target":["https:\/\/gironacappella.cat\/heaven-on-earth-gospel-choir\/"]}]},{"@type":"ImageObject","inLanguage":"fr-FR","@id":"https:\/\/gironacappella.cat\/heaven-on-earth-gospel-choir\/#primaryimage","url":"https:\/\/gironacappella.cat\/wp-content\/uploads\/2025\/03\/Teatre-Municipal-Girona-scaled.jpg","contentUrl":"https:\/\/gironacappella.cat\/wp-content\/uploads\/2025\/03\/Teatre-Municipal-Girona-scaled.jpg","width":2560,"height":1703},{"@type":"BreadcrumbList","@id":"https:\/\/gironacappella.cat\/heaven-on-earth-gospel-choir\/#breadcrumb","itemListElement":[{"@type":"ListItem","position":1,"name":"Inici","item":"https:\/\/gironacappella.cat\/"},{"@type":"ListItem","position":2,"name":"Esdeveniments","item":"https:\/\/gironacappella.cat\/events\/"},{"@type":"ListItem","position":3,"name":"Heaven On Earth Gospel Choir"}]},{"@type":"WebSite","@id":"https:\/\/gironacappella.cat\/#website","url":"https:\/\/gironacappella.cat\/","name":"Girona A Cappella","description":"Per Temps de Flors Girona alça la veu!","potentialAction":[{"@type":"SearchAction","target":{"@type":"EntryPoint","urlTemplate":"https:\/\/gironacappella.cat\/?s={search_term_string}"},"query-input":{"@type":"PropertyValueSpecification","valueRequired":true,"valueName":"search_term_string"}}],"inLanguage":"fr-FR"}]}</script>
<!-- / Yoast SEO plugin. -->

Heaven On Earth Gospel Choir est une chorale gospel dirigée par Àngels Isern et Moisès Sala. Elle débute son parcours en novembre 2021 avec la volonté de créer une chorale [&hellip;]

Per Temps de Flors Girona alça la veu!
